Last updated on 2022-05-17 15:53:15 CEST.
Flavor | Version | Tinstall | Tcheck | Ttotal | Status | Flags |
---|---|---|---|---|---|---|
r-devel-linux-x86_64-debian-clang | 1.6.9 | 24.74 | 215.34 | 240.08 | OK | |
r-devel-linux-x86_64-debian-gcc | 1.6.9 | 18.32 | 158.47 | 176.79 | OK | |
r-devel-linux-x86_64-fedora-clang | 1.6.9 | 281.24 | NOTE | |||
r-devel-linux-x86_64-fedora-gcc | 1.6.9 | 276.56 | OK | |||
r-devel-windows-x86_64 | 1.6.9 | 116.00 | 229.00 | 345.00 | OK | |
r-patched-linux-x86_64 | 1.6.9 | 26.08 | 205.79 | 231.87 | OK | |
r-release-linux-x86_64 | 1.6.9 | 25.41 | 204.55 | 229.96 | OK | |
r-release-macos-arm64 | 1.6.9 | 84.00 | OK | |||
r-release-macos-x86_64 | 1.6.9 | 100.00 | OK | |||
r-release-windows-x86_64 | 1.6.9 | 126.00 | 237.00 | 363.00 | OK | |
r-oldrel-macos-arm64 | 1.6.9 | 67.00 | OK | |||
r-oldrel-macos-x86_64 | 1.6.9 | 106.00 | OK | |||
r-oldrel-windows-ix86+x86_64 | 1.6.9 | 48.00 | 327.00 | 375.00 | OK |
Version: 1.6.9
Check: Rd cross-references
Result: NOTE
Undeclared package ‘geomorph’ in Rd xrefs
Flavor: r-devel-linux-x86_64-fedora-clang