CRAN Package Check Results for Package dispRity

Last updated on 2020-09-23 16:38:39 CEST.

Flavor Version Tinstall Tcheck Ttotal Status Flags
r-devel-linux-x86_64-debian-clang 1.4.2 19.25 156.13 175.38 OK
r-devel-linux-x86_64-debian-gcc 1.4.2 15.30 118.70 134.00 OK
r-devel-linux-x86_64-fedora-clang 1.4.2 226.64 NOTE
r-devel-linux-x86_64-fedora-gcc 1.4.2 207.96 OK
r-devel-windows-ix86+x86_64 1.4.2 41.00 265.00 306.00 OK
r-patched-linux-x86_64 1.4.2 17.85 148.45 166.30 OK
r-patched-solaris-x86 1.4.2 294.30 OK
r-release-linux-x86_64 1.4.2 19.06 149.11 168.17 OK
r-release-macos-x86_64 1.4.2 OK
r-release-windows-ix86+x86_64 1.4.2 51.00 265.00 316.00 OK
r-oldrel-macos-x86_64 1.4.2 ERROR
r-oldrel-windows-ix86+x86_64 1.4.2 28.00 182.00 210.00 ERROR

Check Details

Version: 1.4.2
Check: Rd cross-references
Result: NOTE
    Undeclared packages ‘geomorph’, ‘phytools’ in Rd xrefs
Flavor: r-devel-linux-x86_64-fedora-clang

Version: 1.4.2
Check: examples
Result: ERROR
    Running examples in ‘dispRity-Ex.R’ failed
    The error most likely occurred in:
    
    > ### Name: boot.matrix
    > ### Title: Bootstraps and rarefies data.
    > ### Aliases: boot.matrix
    >
    > ### ** Examples
    >
    > ## Load the Beck & Lee 2014 matrix
    > data(BeckLee_mat50)
    >
    > ## Bootstrapping a matrix
    > ## Bootstrapping an ordinated matrix 20 times
    > boot.matrix(BeckLee_mat50, bootstraps = 20)
    Error: data$matrix must be matrix or a list of matrices with the same dimensions and row names.
    Execution halted
Flavor: r-oldrel-macos-x86_64

Version: 1.4.2
Check: running examples for arch ‘i386’
Result: ERROR
    Running examples in 'dispRity-Ex.R' failed
    The error most likely occurred in:
    
    > ### Name: boot.matrix
    > ### Title: Bootstraps and rarefies data.
    > ### Aliases: boot.matrix
    >
    > ### ** Examples
    >
    > ## Load the Beck & Lee 2014 matrix
    > data(BeckLee_mat50)
    >
    > ## Bootstrapping a matrix
    > ## Bootstrapping an ordinated matrix 20 times
    > boot.matrix(BeckLee_mat50, bootstraps = 20)
    Error: data$matrix must be matrix or a list of matrices with the same dimensions and row names.
    Execution halted
Flavor: r-oldrel-windows-ix86+x86_64

Version: 1.4.2
Check: running examples for arch ‘x64’
Result: ERROR
    Running examples in 'dispRity-Ex.R' failed
    The error most likely occurred in:
    
    > ### Name: boot.matrix
    > ### Title: Bootstraps and rarefies data.
    > ### Aliases: boot.matrix
    >
    > ### ** Examples
    >
    > ## Load the Beck & Lee 2014 matrix
    > data(BeckLee_mat50)
    >
    > ## Bootstrapping a matrix
    > ## Bootstrapping an ordinated matrix 20 times
    > boot.matrix(BeckLee_mat50, bootstraps = 20)
    Error: data$matrix must be matrix or a list of matrices with the same dimensions and row names.
    Execution halted
Flavor: r-oldrel-windows-ix86+x86_64