Last updated on 2022-06-26 03:49:59 CEST.
Flavor | Version | Tinstall | Tcheck | Ttotal | Status | Flags |
---|---|---|---|---|---|---|
r-devel-linux-x86_64-debian-clang | 0.4.6 | 96.41 | 360.51 | 456.92 | OK | |
r-devel-linux-x86_64-debian-gcc | 0.4.6 | 73.22 | 265.67 | 338.89 | OK | |
r-devel-linux-x86_64-fedora-clang | 0.4.6 | 556.84 | OK | |||
r-devel-linux-x86_64-fedora-gcc | 0.4.6 | 566.66 | OK | |||
r-devel-windows-x86_64 | 0.4.6 | 123.00 | 479.00 | 602.00 | OK | |
r-patched-linux-x86_64 | 0.4.6 | 83.68 | 348.00 | 431.68 | OK | |
r-release-linux-x86_64 | 0.4.6 | 77.25 | 349.55 | 426.80 | OK | |
r-release-macos-arm64 | 0.4.6 | 144.00 | NOTE | |||
r-release-macos-x86_64 | 0.4.6 | 195.00 | NOTE | |||
r-release-windows-x86_64 | 0.4.6 | 124.00 | 477.00 | 601.00 | OK | |
r-oldrel-macos-arm64 | 0.4.6 | 113.00 | NOTE | |||
r-oldrel-macos-x86_64 | 0.4.6 | 195.00 | NOTE | |||
r-oldrel-windows-ix86+x86_64 | 0.4.6 | 159.00 | 556.00 | 715.00 | NOTE |
Version: 0.4.6
Check: installed package size
Result: NOTE
installed size is 5.9Mb
sub-directories of 1Mb or more:
doc 1.0Mb
libs 3.2Mb
Flavors: r-release-macos-arm64, r-release-macos-x86_64, r-oldrel-macos-arm64, r-oldrel-macos-x86_64, r-oldrel-windows-ix86+x86_64