CRAN Package Check Results for Package discrtr

Last updated on 2024-07-24 15:51:34 CEST.

Flavor Version Tinstall Tcheck Ttotal Status Flags
r-devel-linux-x86_64-debian-clang 0.0.1 3.09 25.73 28.82 NOTE
r-devel-linux-x86_64-debian-gcc 0.0.1 2.51 20.00 22.51 NOTE
r-devel-linux-x86_64-fedora-clang 0.0.1 37.26 NOTE
r-devel-linux-x86_64-fedora-gcc 0.0.1 35.45 NOTE
r-devel-windows-x86_64 0.0.1 5.00 45.00 50.00 NOTE
r-patched-linux-x86_64 0.0.1 3.26 24.59 27.85 NOTE
r-release-linux-x86_64 0.0.1 2.28 25.38 27.66 NOTE
r-release-macos-arm64 0.0.1 16.00 NOTE
r-release-macos-x86_64 0.0.1 26.00 NOTE
r-release-windows-x86_64 0.0.1 5.00 45.00 50.00 NOTE
r-oldrel-macos-arm64 0.0.1 17.00 OK
r-oldrel-macos-x86_64 0.0.1 23.00 OK
r-oldrel-windows-x86_64 0.0.1 6.00 44.00 50.00 OK

Check Details

Version: 0.0.1
Check: Rd files
Result: NOTE checkRd: (-1) mc_attitudes.Rd:52: Lost braces 52 | P\'{a}ez, A. (2013). Mapping travelers’ attitudes: does space matter?. Journal of Transport Geography, 26, 117-125. (https://doi.org/10.1016/j.jtrangeo.2012.09.002) | ^ checkRd: (-1) mc_commute.csv.Rd:49: Lost braces 49 | Whalen, K. E., P\'{a}ez, A., & Carrasco, J. A. (2013). Mode choice of university students commuting to school and the role of active travel. Journal of Transport Geography, 31, 132-142. (https://doi.org/10.1016/j.jtrangeo.2013.06.008) | ^ checkRd: (-1) mc_commute_long.Rd:74: Lost braces 74 | Whalen, K. E., P\'{a}ez, A., & Carrasco, J. A. (2013). Mode choice of university students commuting to school and the role of active travel. Journal of Transport Geography, 31, 132-142. (https://doi.org/10.1016/j.jtrangeo.2013.06.008) | ^ checkRd: (-1) mc_commute_wide.Rd:87: Lost braces 87 | Whalen, K. E., P\'{a}ez, A., & Carrasco, J. A. (2013). Mode choice of university students commuting to school and the role of active travel. Journal of Transport Geography, 31, 132-142. (https://doi.org/10.1016/j.jtrangeo.2013.06.008) | ^ checkRd: (-1) mc_modality.Rd:50: Lost braces 50 | Lavery, T., P\'{a}ez, A., & Kanaroglou, P.S. (2013). Driving out of choices: An investigation of transport modality in a university sample. Transportation Research Part A: Policy and Practice, 57:37-46 (https://doi.org/10.1016/j.tra.2013.09.010) | ^ Flavors: r-devel-linux-x86_64-debian-clang, r-devel-linux-x86_64-debian-gcc, r-devel-linux-x86_64-fedora-clang, r-devel-linux-x86_64-fedora-gcc, r-devel-windows-x86_64, r-patched-linux-x86_64, r-release-linux-x86_64, r-release-macos-arm64, r-release-macos-x86_64, r-release-windows-x86_64