Last updated on 2023-02-04 16:55:43 CET.
Flavor | Version | Tinstall | Tcheck | Ttotal | Status | Flags |
---|---|---|---|---|---|---|
r-devel-linux-x86_64-debian-clang | 1.0.1 | 22.42 | 207.50 | 229.92 | OK | |
r-devel-linux-x86_64-debian-gcc | 1.0.1 | 15.13 | 148.23 | 163.36 | OK | |
r-devel-linux-x86_64-fedora-clang | 1.0.1 | 274.19 | NOTE | |||
r-devel-linux-x86_64-fedora-gcc | 1.0.1 | 273.60 | OK | |||
r-devel-windows-x86_64 | 1.0.1 | 37.00 | 236.00 | 273.00 | OK | |
r-patched-linux-x86_64 | 1.0.1 | 22.28 | 189.53 | 211.81 | OK | |
r-release-linux-x86_64 | 1.0.1 | 14.28 | 189.66 | 203.94 | OK | |
r-release-macos-arm64 | 1.0.1 | 59.00 | OK | |||
r-release-macos-x86_64 | 1.0.1 | 102.00 | OK | |||
r-release-windows-x86_64 | 1.0.1 | 38.00 | 255.00 | 293.00 | OK | |
r-oldrel-macos-arm64 | 1.0.1 | 60.00 | OK | |||
r-oldrel-macos-x86_64 | 1.0.1 | 101.00 | OK | |||
r-oldrel-windows-ix86+x86_64 | 1.0.1 | 58.00 | 240.00 | 298.00 | OK |
Version: 1.0.1
Check: Rd cross-references
Result: NOTE
Undeclared packages ‘gamlss’, ‘flexsurv’ in Rd xrefs
Flavor: r-devel-linux-x86_64-fedora-clang