CRAN Package Check Results for Package dint

Last updated on 2020-07-13 15:48:22 CEST.

Flavor Version Tinstall Tcheck Ttotal Status Flags
r-devel-linux-x86_64-debian-clang 2.1.3 4.67 53.55 58.22 OK
r-devel-linux-x86_64-debian-gcc 2.1.3 3.87 41.32 45.19 OK
r-devel-linux-x86_64-fedora-clang 2.1.3 78.80 OK
r-devel-linux-x86_64-fedora-gcc 2.1.3 73.29 OK
r-devel-windows-ix86+x86_64 2.1.3 13.00 85.00 98.00 OK
r-patched-linux-x86_64 2.1.3 3.76 53.25 57.01 OK
r-patched-solaris-x86 2.1.3 95.20 OK
r-release-linux-x86_64 2.1.3 4.35 52.48 56.83 OK
r-release-macos-x86_64 2.1.3 ERROR
r-release-windows-ix86+x86_64 2.1.3 11.00 72.00 83.00 OK
r-oldrel-macos-x86_64 2.1.3 OK
r-oldrel-windows-ix86+x86_64 2.1.3 10.00 65.00 75.00 OK

Check Details

Version: 2.1.3
Check: whether package can be installed
Result: ERROR
    Installation failed.
Flavor: r-release-macos-x86_64