CRAN Package Check Results for Package dimRed

Last updated on 2020-11-30 03:47:38 CET.

Flavor Version Tinstall Tcheck Ttotal Status Flags
r-devel-linux-x86_64-debian-clang 0.2.3 25.66 285.67 311.33 OK
r-devel-linux-x86_64-debian-gcc 0.2.3 15.54 215.13 230.67 OK
r-devel-linux-x86_64-fedora-clang 0.2.3 377.62 NOTE
r-devel-linux-x86_64-fedora-gcc 0.2.3 392.18 OK
r-devel-windows-ix86+x86_64 0.2.3 38.00 335.00 373.00 OK
r-patched-linux-x86_64 0.2.3 25.41 279.63 305.04 OK
r-patched-solaris-x86 0.2.3 474.30 OK
r-release-linux-x86_64 0.2.3 25.73 274.29 300.02 OK
r-release-macos-x86_64 0.2.3 NOTE
r-release-windows-ix86+x86_64 0.2.3 35.00 243.00 278.00 OK
r-oldrel-macos-x86_64 0.2.3 NOTE
r-oldrel-windows-ix86+x86_64 0.2.3 37.00 309.00 346.00 OK

Check Details

Version: 0.2.3
Check: Rd cross-references
Result: NOTE
    Undeclared package ‘CVST’ in Rd xrefs
Flavor: r-devel-linux-x86_64-fedora-clang

Version: 0.2.3
Check: package dependencies
Result: NOTE
    Package suggested but not available for checking: ‘pcaL1’
Flavors: r-release-macos-x86_64, r-oldrel-macos-x86_64