CRAN Package Check Results for Package dimRed

Last updated on 2022-12-02 04:00:07 CET.

Flavor Version Tinstall Tcheck Ttotal Status Flags
r-devel-linux-x86_64-debian-clang 0.2.6 23.42 289.15 312.57 OK
r-devel-linux-x86_64-debian-gcc 0.2.6 15.49 214.96 230.45 OK
r-devel-linux-x86_64-fedora-clang 0.2.6 381.64 NOTE
r-devel-linux-x86_64-fedora-gcc 0.2.6 375.49 OK
r-devel-windows-x86_64 0.2.6 54.00 340.00 394.00 OK
r-patched-linux-x86_64 0.2.6 23.70 263.90 287.60 OK
r-release-linux-x86_64 0.2.6 20.34 265.39 285.73 OK
r-release-macos-arm64 0.2.6 105.00 OK
r-release-macos-x86_64 0.2.6 140.00 OK
r-release-windows-x86_64 0.2.6 65.00 344.00 409.00 OK
r-oldrel-macos-arm64 0.2.6 117.00 WARN
r-oldrel-macos-x86_64 0.2.6 132.00 WARN
r-oldrel-windows-ix86+x86_64 0.2.6 42.00 332.00 374.00 WARN

Check Details

Version: 0.2.6
Check: Rd cross-references
Result: NOTE
    Undeclared package ‘CVST’ in Rd xrefs
Flavor: r-devel-linux-x86_64-fedora-clang

Version: 0.2.6
Check: for unstated dependencies in examples
Result: WARN
    'library' or 'require' calls not declared from:
     ‘MASS’ ‘Matrix’ ‘NNMF’ ‘RANN’ ‘RSpectra’ ‘c’ ‘coRanking’ ‘ggplot’
     ‘igraph’ ‘loe’ ‘scales’ ‘tidyr’
Flavors: r-oldrel-macos-arm64, r-oldrel-macos-x86_64, r-oldrel-windows-ix86+x86_64

Version: 0.2.6
Check: for unstated dependencies in ‘tests’
Result: WARN
    Warning: unable to access index for repository https://bioconductor.org/packages/3.14/bioc/src/contrib:
     cannot open URL 'https://bioconductor.org/packages/3.14/bioc/src/contrib/PACKAGES'
    Warning: unable to access index for repository https://bioconductor.org/packages/3.14/data/annotation/src/contrib:
     cannot open URL 'https://bioconductor.org/packages/3.14/data/annotation/src/contrib/PACKAGES'
    Warning: unable to access index for repository https://bioconductor.org/packages/3.14/data/experiment/src/contrib:
     cannot open URL 'https://bioconductor.org/packages/3.14/data/experiment/src/contrib/PACKAGES'
    'library' or 'require' calls not declared from:
     'keras' 'reticulate' 'tensorflow' 'vegan'
Flavor: r-oldrel-windows-ix86+x86_64