CRAN Package Check Results for Package digest

Last updated on 2022-12-06 15:53:53 CET.

Flavor Version Tinstall Tcheck Ttotal Status Flags
r-devel-linux-x86_64-debian-clang 0.6.30 11.01 33.02 44.03 WARN
r-devel-linux-x86_64-debian-gcc 0.6.30 9.22 25.07 34.29 WARN
r-devel-linux-x86_64-fedora-clang 0.6.30 68.23 WARN
r-devel-linux-x86_64-fedora-gcc 0.6.30 76.95 WARN
r-devel-windows-x86_64 0.6.30 247.00 62.00 309.00 OK
r-patched-linux-x86_64 0.6.30 10.51 31.56 42.07 OK
r-release-linux-x86_64 0.6.30 9.08 30.73 39.81 OK
r-release-macos-arm64 0.6.30 33.00 OK
r-release-macos-x86_64 0.6.30 45.00 OK
r-release-windows-x86_64 0.6.30 255.00 65.00 320.00 OK
r-oldrel-macos-arm64 0.6.30 34.00 OK
r-oldrel-macos-x86_64 0.6.30 51.00 OK
r-oldrel-windows-ix86+x86_64 0.6.30 41.00 66.00 107.00 OK

Check Details

Version: 0.6.30
Check: compiled code
Result: WARN
    File 'digest/libs/digest.so':
     Found '__sprintf_chk', possibly from 'sprintf' (C)
     Object: 'digest.o'
    
    Compiled code should not call entry points which might terminate R nor
    write to stdout/stderr instead of to the console, nor use Fortran I/O
    nor system RNGs nor [v]sprintf.
    
    See 'Writing portable packages' in the 'Writing R Extensions' manual.
Flavors: r-devel-linux-x86_64-debian-clang, r-devel-linux-x86_64-debian-gcc, r-devel-linux-x86_64-fedora-gcc

Version: 0.6.30
Check: compiled code
Result: WARN
    File ‘digest/libs/digest.so’:
     Found ‘sprintf’, possibly from ‘sprintf’ (C)
     Object: ‘digest.o’
    
    Compiled code should not call entry points which might terminate R nor
    write to stdout/stderr instead of to the console, nor use Fortran I/O
    nor system RNGs nor [v]sprintf.
    
    See ‘Writing portable packages’ in the ‘Writing R Extensions’ manual.
Flavor: r-devel-linux-x86_64-fedora-clang