Last updated on 2023-11-30 15:48:13 CET.
Flavor | Version | Tinstall | Tcheck | Ttotal | Status | Flags |
---|---|---|---|---|---|---|
r-devel-linux-x86_64-debian-clang | 0.6.33 | 15.43 | 30.38 | 45.81 | OK | |
r-devel-linux-x86_64-debian-gcc | 0.6.33 | 9.16 | 24.16 | 33.32 | OK | |
r-devel-linux-x86_64-fedora-clang | 0.6.33 | 60.18 | OK | |||
r-devel-linux-x86_64-fedora-gcc | 0.6.33 | 70.23 | OK | |||
r-devel-windows-x86_64 | 0.6.33 | 21.00 | 51.00 | 72.00 | WARN | |
r-patched-linux-x86_64 | 0.6.33 | 14.47 | 30.69 | 45.16 | OK | |
r-release-linux-x86_64 | 0.6.33 | 13.69 | 31.25 | 44.94 | OK | |
r-release-macos-arm64 | 0.6.33 | 51.00 | OK | |||
r-release-macos-x86_64 | 0.6.33 | 89.00 | OK | |||
r-release-windows-x86_64 | 0.6.33 | 24.00 | 52.00 | 76.00 | OK | |
r-oldrel-macos-arm64 | 0.6.33 | 43.00 | OK | |||
r-oldrel-macos-x86_64 | 0.6.33 | 56.00 | OK | |||
r-oldrel-windows-x86_64 | 0.6.33 | 24.00 | 53.00 | 77.00 | OK |
Version: 0.6.33
Check: whether package can be installed
Result: WARN
Found the following significant warnings:
digest.c:62:53: warning: conversion lacks type at end of format [-Wformat=]
digest.c:62:15: warning: too many arguments for format [-Wformat-extra-args]
See 'd:/Rcompile/CRANpkg/local/4.4/digest.Rcheck/00install.out' for details.
* used C compiler: 'gcc.exe (GCC) 12.3.0'
* used C++ compiler: 'g++.exe (GCC) 12.3.0'
Flavor: r-devel-windows-x86_64