CRAN Package Check Results for Package diffudist

Last updated on 2022-09-25 03:54:28 CEST.

Flavor Version Tinstall Tcheck Ttotal Status Flags
r-devel-linux-x86_64-debian-clang 1.0.0 40.49 91.56 132.05 OK
r-devel-linux-x86_64-debian-gcc 1.0.0 31.76 67.04 98.80 OK
r-devel-linux-x86_64-fedora-clang 1.0.0 173.44 NOTE
r-devel-linux-x86_64-fedora-gcc 1.0.0 162.61 OK
r-devel-windows-x86_64 1.0.0 46.00 138.00 184.00 OK
r-patched-linux-x86_64 1.0.0 31.57 85.83 117.40 OK
r-release-linux-x86_64 1.0.0 35.13 83.84 118.97 OK
r-release-macos-arm64 1.0.0 56.00 OK
r-release-macos-x86_64 1.0.0 99.00 OK
r-release-windows-x86_64 1.0.0 57.00 138.00 195.00 OK
r-oldrel-macos-arm64 1.0.0 263.00 OK
r-oldrel-macos-x86_64 1.0.0 69.00 OK
r-oldrel-windows-ix86+x86_64 1.0.0 98.00 146.00 244.00 OK

Check Details

Version: 1.0.0
Check: Rd cross-references
Result: NOTE
    Undeclared package ‘RColorBrewer’ in Rd xrefs
Flavor: r-devel-linux-x86_64-fedora-clang