CRAN Package Check Results for Package dfped

Last updated on 2022-08-18 15:52:14 CEST.

Flavor Version Tinstall Tcheck Ttotal Status Flags
r-devel-linux-x86_64-debian-clang 1.1 11.57 100.28 111.85 NOTE
r-devel-linux-x86_64-debian-gcc 1.1 6.36 73.10 79.46 NOTE
r-devel-linux-x86_64-fedora-clang 1.1 139.10 NOTE
r-devel-linux-x86_64-fedora-gcc 1.1 142.33 NOTE
r-devel-windows-x86_64 1.1 21.00 133.00 154.00 NOTE
r-patched-linux-x86_64 1.1 6.97 92.62 99.59 NOTE
r-release-linux-x86_64 1.1 NOTE
r-release-macos-arm64 1.1 41.00 NOTE
r-release-macos-x86_64 1.1 75.00 NOTE
r-release-windows-x86_64 1.1 26.00 133.00 159.00 NOTE
r-oldrel-macos-arm64 1.1 47.00 NOTE
r-oldrel-macos-x86_64 1.1 80.00 NOTE
r-oldrel-windows-ix86+x86_64 1.1 25.00 124.00 149.00 NOTE

Check Details

Version: 1.1
Check: LazyData
Result: NOTE
     'LazyData' is specified without a 'data' directory
Flavors: r-devel-linux-x86_64-debian-clang, r-devel-linux-x86_64-debian-gcc, r-devel-linux-x86_64-fedora-clang, r-devel-linux-x86_64-fedora-gcc, r-devel-windows-x86_64, r-patched-linux-x86_64, r-release-linux-x86_64, r-release-macos-arm64, r-release-macos-x86_64, r-release-windows-x86_64, r-oldrel-macos-arm64, r-oldrel-macos-x86_64, r-oldrel-windows-ix86+x86_64