CRAN Package Check Results for Package dfoliatR

Last updated on 2020-10-01 15:48:25 CEST.

Flavor Version Tinstall Tcheck Ttotal Status Flags
r-devel-linux-x86_64-debian-clang 0.2.0 6.31 75.49 81.80 OK
r-devel-linux-x86_64-debian-gcc 0.2.0 4.95 56.88 61.83 OK
r-devel-linux-x86_64-fedora-clang 0.2.0 104.04 NOTE
r-devel-linux-x86_64-fedora-gcc 0.2.0 93.33 NOTE
r-devel-windows-ix86+x86_64 0.2.0 14.00 97.00 111.00 OK
r-patched-linux-x86_64 0.2.0 3.95 70.90 74.85 OK
r-patched-solaris-x86 0.2.0 136.70 NOTE
r-release-linux-x86_64 0.2.0 3.94 70.54 74.48 OK
r-release-macos-x86_64 0.2.0 NOTE
r-release-windows-ix86+x86_64 0.2.0 14.00 104.00 118.00 OK
r-oldrel-macos-x86_64 0.2.0 NOTE
r-oldrel-windows-ix86+x86_64 0.2.0 10.00 96.00 106.00 OK

Check Details

Version: 0.2.0
Check: dependencies in R code
Result: NOTE
    Namespaces in Imports field not imported from:
     ‘MASS’ ‘plyr’
     All declared Imports should be used.
Flavors: r-devel-linux-x86_64-fedora-clang, r-devel-linux-x86_64-fedora-gcc, r-patched-solaris-x86, r-release-macos-x86_64, r-oldrel-macos-x86_64