CRAN Package Check Results for Package deseasonalize

Last updated on 2021-09-19 03:50:57 CEST.

Flavor Version Tinstall Tcheck Ttotal Status Flags
r-devel-linux-x86_64-debian-clang 1.35 7.52 63.63 71.15 NOTE
r-devel-linux-x86_64-debian-gcc 1.35 6.16 48.29 54.45 NOTE
r-devel-linux-x86_64-fedora-clang 1.35 92.34 NOTE
r-devel-linux-x86_64-fedora-gcc 1.35 81.68 NOTE
r-devel-windows-x86_64 1.35 10.00 84.00 94.00 NOTE
r-devel-windows-x86_64-gcc10-UCRT 1.35 ERROR
r-patched-linux-x86_64 1.35 8.22 60.75 68.97 NOTE
r-patched-solaris-x86 1.35 126.20 NOTE
r-release-linux-x86_64 1.35 7.38 60.34 67.72 NOTE
r-release-macos-arm64 1.35 NOTE
r-release-macos-x86_64 1.35 NOTE
r-release-windows-ix86+x86_64 1.35 17.00 63.00 80.00 NOTE
r-oldrel-macos-x86_64 1.35 NOTE
r-oldrel-windows-ix86+x86_64 1.35 18.00 62.00 80.00 NOTE

Check Details

Version: 1.35
Check: R code for possible problems
Result: NOTE
    ds: no visible global function definition for 'is.ts'
    ds: no visible global function definition for 'frequency'
    getds: no visible global function definition for 'resid'
    getds: no visible global function definition for 'lm.fit'
    getds: no visible global function definition for 'sd'
    getds: no visible global function definition for 'var'
    getds: no visible global function definition for 'fitted'
    Undefined global functions or variables:
     fitted frequency is.ts lm.fit resid sd var
    Consider adding
     importFrom("stats", "fitted", "frequency", "is.ts", "lm.fit", "resid",
     "sd", "var")
    to your NAMESPACE file.
Flavors: r-devel-linux-x86_64-debian-clang, r-devel-linux-x86_64-debian-gcc, r-devel-linux-x86_64-fedora-clang, r-devel-linux-x86_64-fedora-gcc, r-devel-windows-x86_64, r-devel-windows-x86_64-gcc10-UCRT, r-patched-linux-x86_64, r-patched-solaris-x86, r-release-linux-x86_64, r-release-macos-arm64, r-release-macos-x86_64, r-release-windows-ix86+x86_64, r-oldrel-macos-x86_64, r-oldrel-windows-ix86+x86_64

Version: 1.35
Check: Rd line widths
Result: NOTE
    Rd file 'ds.Rd':
     \usage lines wider than 90 characters:
     ds(z, Fm = 6, Fs = 6, type = c("daily", "monthly"), searchQ=TRUE, lag.max=20, ic=c("BIC","AIC"), standardizeQ=TRUE)
    
    These lines will be truncated in the PDF manual.
Flavors: r-devel-linux-x86_64-debian-clang, r-devel-linux-x86_64-debian-gcc, r-devel-linux-x86_64-fedora-clang, r-devel-linux-x86_64-fedora-gcc, r-patched-linux-x86_64, r-release-linux-x86_64

Version: 1.35
Check: whether package can be installed
Result: WARN
    Found the following significant warnings:
     WARNING: installation-time patches will not be applied, could not get the patches index
Flavor: r-devel-windows-x86_64-gcc10-UCRT

Version: 1.35
Check: PDF version of manual
Result: WARN
    LaTeX errors when creating PDF version.
    This typically indicates Rd problems.
Flavor: r-devel-windows-x86_64-gcc10-UCRT

Version: 1.35
Check: PDF version of manual without hyperrefs or index
Result: ERROR
    Re-running with no redirection of stdout/stderr.
Flavor: r-devel-windows-x86_64-gcc10-UCRT