CRAN Package Check Results for Package describedata

Last updated on 2024-02-23 15:52:10 CET.

Flavor Version Tinstall Tcheck Ttotal Status Flags
r-devel-linux-x86_64-debian-clang 0.1.0 NOTE
r-devel-linux-x86_64-debian-gcc 0.1.0 5.88 54.98 60.86 NOTE
r-devel-linux-x86_64-fedora-clang 0.1.0 96.31 NOTE
r-devel-linux-x86_64-fedora-gcc 0.1.0 91.25 NOTE
r-devel-windows-x86_64 0.1.0 7.00 73.00 80.00 NOTE
r-patched-linux-x86_64 0.1.0 4.74 70.08 74.82 NOTE
r-release-linux-x86_64 0.1.0 4.53 70.81 75.34 NOTE
r-release-macos-arm64 0.1.0 36.00 NOTE
r-release-macos-x86_64 0.1.0 50.00 NOTE
r-release-windows-x86_64 0.1.0 9.00 82.00 91.00 NOTE
r-oldrel-macos-arm64 0.1.0 32.00 NOTE
r-oldrel-windows-x86_64 0.1.0 9.00 87.00 96.00 NOTE

Check Details

Version: 0.1.0
Check: LazyData
Result: NOTE 'LazyData' is specified without a 'data' directory Flavors: r-devel-linux-x86_64-debian-clang, r-devel-linux-x86_64-debian-gcc, r-devel-linux-x86_64-fedora-clang, r-devel-linux-x86_64-fedora-gcc, r-devel-windows-x86_64, r-patched-linux-x86_64, r-release-linux-x86_64, r-release-macos-arm64, r-release-macos-x86_64, r-release-windows-x86_64, r-oldrel-macos-arm64, r-oldrel-windows-x86_64