Last updated on 2023-01-29 03:55:11 CET.
Flavor | Version | Tinstall | Tcheck | Ttotal | Status | Flags |
---|---|---|---|---|---|---|
r-devel-linux-x86_64-debian-clang | 0.1.0 | 8.02 | 85.95 | 93.97 | NOTE | |
r-devel-linux-x86_64-debian-gcc | 0.1.0 | 5.99 | 63.99 | 69.98 | NOTE | |
r-devel-linux-x86_64-fedora-clang | 0.1.0 | 114.89 | NOTE | |||
r-devel-linux-x86_64-fedora-gcc | 0.1.0 | 108.74 | NOTE | |||
r-devel-windows-x86_64 | 0.1.0 | 27.00 | 106.00 | 133.00 | NOTE | |
r-patched-linux-x86_64 | 0.1.0 | 4.84 | 81.94 | 86.78 | NOTE | |
r-release-linux-x86_64 | 0.1.0 | 4.90 | 82.27 | 87.17 | NOTE | |
r-release-macos-arm64 | 0.1.0 | 32.00 | NOTE | |||
r-release-macos-x86_64 | 0.1.0 | 51.00 | NOTE | |||
r-release-windows-x86_64 | 0.1.0 | 22.00 | 114.00 | 136.00 | NOTE | |
r-oldrel-macos-arm64 | 0.1.0 | 37.00 | NOTE | |||
r-oldrel-macos-x86_64 | 0.1.0 | 56.00 | NOTE | |||
r-oldrel-windows-ix86+x86_64 | 0.1.0 | 18.00 | 116.00 | 134.00 | NOTE |
Version: 0.1.0
Check: LazyData
Result: NOTE
'LazyData' is specified without a 'data' directory
Flavors: r-devel-linux-x86_64-debian-clang, r-devel-linux-x86_64-debian-gcc, r-devel-linux-x86_64-fedora-clang, r-devel-linux-x86_64-fedora-gcc, r-devel-windows-x86_64, r-patched-linux-x86_64, r-release-linux-x86_64, r-release-macos-arm64, r-release-macos-x86_64, r-release-windows-x86_64, r-oldrel-macos-arm64, r-oldrel-macos-x86_64, r-oldrel-windows-ix86+x86_64