CRAN Package Check Results for Package derivmkts

Last updated on 2024-07-18 03:56:33 CEST.

Flavor Version Tinstall Tcheck Ttotal Status Flags
r-devel-linux-x86_64-debian-clang 0.2.5 4.36 73.53 77.89 NOTE
r-devel-linux-x86_64-debian-gcc 0.2.5 3.82 55.29 59.11 NOTE
r-devel-linux-x86_64-fedora-clang 0.2.5 104.12 NOTE
r-devel-linux-x86_64-fedora-gcc 0.2.5 106.66 NOTE
r-devel-windows-x86_64 0.2.5 7.00 128.00 135.00 NOTE
r-patched-linux-x86_64 0.2.5 4.91 68.76 73.67 NOTE
r-release-linux-x86_64 0.2.5 3.94 69.17 73.11 NOTE
r-release-macos-arm64 0.2.5 37.00 NOTE
r-release-macos-x86_64 0.2.5 57.00 NOTE
r-release-windows-x86_64 0.2.5 5.00 128.00 133.00 NOTE
r-oldrel-macos-arm64 0.2.5 36.00 NOTE
r-oldrel-macos-x86_64 0.2.5 48.00 NOTE
r-oldrel-windows-x86_64 0.2.5 7.00 114.00 121.00 NOTE

Check Details

Version: 0.2.5
Check: Rd files
Result: NOTE checkRd: (-1) barriers.Rd:127: Escaped LaTeX specials: \$ Flavors: r-devel-linux-x86_64-debian-clang, r-devel-linux-x86_64-debian-gcc, r-devel-linux-x86_64-fedora-clang, r-devel-linux-x86_64-fedora-gcc, r-devel-windows-x86_64, r-patched-linux-x86_64, r-release-linux-x86_64, r-release-macos-arm64, r-release-macos-x86_64, r-release-windows-x86_64, r-oldrel-macos-arm64, r-oldrel-macos-x86_64, r-oldrel-windows-x86_64