CRAN Package Check Results for Package depmix

Last updated on 2022-08-18 15:52:14 CEST.

Flavor Version Tinstall Tcheck Ttotal Status Flags
r-devel-linux-x86_64-debian-clang 0.9.16 10.95 45.90 56.85 NOTE
r-devel-linux-x86_64-debian-gcc 0.9.16 8.21 34.47 42.68 NOTE
r-devel-linux-x86_64-fedora-clang 0.9.16 80.23 NOTE
r-devel-linux-x86_64-fedora-gcc 0.9.16 81.09 NOTE
r-devel-windows-x86_64 0.9.16 23.00 72.00 95.00 NOTE
r-patched-linux-x86_64 0.9.16 10.81 43.84 54.65 NOTE
r-release-linux-x86_64 0.9.16 NOTE
r-release-macos-arm64 0.9.16 25.00 NOTE
r-release-macos-x86_64 0.9.16 34.00 NOTE
r-release-windows-x86_64 0.9.16 25.00 74.00 99.00 NOTE
r-oldrel-macos-arm64 0.9.16 31.00 NOTE
r-oldrel-macos-x86_64 0.9.16 44.00 NOTE
r-oldrel-windows-ix86+x86_64 0.9.16 28.00 76.00 104.00 NOTE

Check Details

Version: 0.9.16
Check: package dependencies
Result: NOTE
    Package suggested but not available for checking: 'Rdonlp2'
Flavors: r-devel-linux-x86_64-debian-clang, r-devel-linux-x86_64-debian-gcc, r-devel-linux-x86_64-fedora-clang, r-devel-linux-x86_64-fedora-gcc, r-devel-windows-x86_64, r-patched-linux-x86_64, r-release-linux-x86_64, r-release-macos-arm64, r-release-macos-x86_64, r-release-windows-x86_64, r-oldrel-macos-arm64, r-oldrel-macos-x86_64, r-oldrel-windows-ix86+x86_64

Version: 0.9.16
Check: Rd files
Result: NOTE
    checkRd: (-1) discrimination.Rd:19: Escaped LaTeX specials: \&
    checkRd: (-1) fitdmm.Rd:59: Escaped LaTeX specials: \$
Flavors: r-devel-linux-x86_64-debian-clang, r-devel-linux-x86_64-debian-gcc, r-devel-linux-x86_64-fedora-clang, r-devel-linux-x86_64-fedora-gcc, r-devel-windows-x86_64