CRAN Package Check Results for Package denseFLMM

Last updated on 2022-10-01 15:52:50 CEST.

Flavor Version Tinstall Tcheck Ttotal Status Flags
r-devel-linux-x86_64-debian-clang 0.1.2 8.33 71.47 79.80 NOTE
r-devel-linux-x86_64-debian-gcc 0.1.2 6.68 54.97 61.65 NOTE
r-devel-linux-x86_64-fedora-clang 0.1.2 116.88 NOTE
r-devel-linux-x86_64-fedora-gcc 0.1.2 109.67 NOTE
r-devel-windows-x86_64 0.1.2 11.00 98.00 109.00 NOTE
r-patched-linux-x86_64 0.1.2 6.78 67.18 73.96 NOTE
r-release-linux-x86_64 0.1.2 7.50 66.44 73.94 NOTE
r-release-macos-arm64 0.1.2 31.00 NOTE
r-release-macos-x86_64 0.1.2 42.00 NOTE
r-release-windows-x86_64 0.1.2 16.00 95.00 111.00 NOTE
r-oldrel-macos-arm64 0.1.2 39.00 NOTE
r-oldrel-macos-x86_64 0.1.2 59.00 NOTE
r-oldrel-windows-ix86+x86_64 0.1.2 17.00 89.00 106.00 NOTE

Check Details

Version: 0.1.2
Check: package subdirectories
Result: NOTE
    Problems with news in 'NEWS.md':
    No news entries found.
Flavors: r-devel-linux-x86_64-debian-clang, r-devel-linux-x86_64-debian-gcc, r-devel-linux-x86_64-fedora-clang, r-devel-linux-x86_64-fedora-gcc, r-devel-windows-x86_64

Version: 0.1.2
Check: LazyData
Result: NOTE
     'LazyData' is specified without a 'data' directory
Flavors: r-devel-linux-x86_64-debian-clang, r-devel-linux-x86_64-debian-gcc, r-devel-linux-x86_64-fedora-clang, r-devel-linux-x86_64-fedora-gcc, r-devel-windows-x86_64, r-patched-linux-x86_64, r-release-linux-x86_64, r-release-macos-arm64, r-release-macos-x86_64, r-release-windows-x86_64, r-oldrel-macos-arm64, r-oldrel-macos-x86_64, r-oldrel-windows-ix86+x86_64

Version: 0.1.2
Check: dependencies in R code
Result: NOTE
    Namespace in Imports field not imported from: ‘mvtnorm’
     All declared Imports should be used.
Flavors: r-devel-linux-x86_64-fedora-clang, r-devel-linux-x86_64-fedora-gcc, r-release-macos-arm64, r-release-macos-x86_64, r-oldrel-macos-arm64, r-oldrel-macos-x86_64