CRAN Package Check Results for Package densEstBayes

Last updated on 2022-06-30 15:51:38 CEST.

Flavor Version Tinstall Tcheck Ttotal Status Flags
r-devel-linux-x86_64-debian-clang 1.0-2.1 177.62 121.94 299.56 OK
r-devel-linux-x86_64-debian-gcc 1.0-2.1 156.73 96.63 253.36 OK
r-devel-linux-x86_64-fedora-clang 1.0-2.1 421.74 NOTE
r-devel-linux-x86_64-fedora-gcc 1.0-2.1 417.56 NOTE
r-devel-windows-x86_64 1.0-2.1 153.00 184.00 337.00 OK
r-patched-linux-x86_64 1.0-2.1 159.88 124.30 284.18 OK
r-release-linux-x86_64 1.0-2.1 133.23 123.80 257.03 OK
r-release-macos-arm64 1.0-2.1 105.00 NOTE
r-release-macos-x86_64 1.0-2.1 176.00 NOTE
r-release-windows-x86_64 1.0-2.1 161.00 185.00 346.00 OK
r-oldrel-macos-arm64 1.0-2.1 106.00 NOTE
r-oldrel-macos-x86_64 1.0-2.1 135.00 NOTE
r-oldrel-windows-ix86+x86_64 1.0-2.1 323.00 8.00 331.00 ERROR

Check Details

Version: 1.0-2.1
Check: installed package size
Result: NOTE
     installed size is 24.8Mb
     sub-directories of 1Mb or more:
     doc 1.9Mb
     libs 22.6Mb
Flavors: r-devel-linux-x86_64-fedora-clang, r-release-macos-arm64, r-release-macos-x86_64, r-oldrel-macos-arm64, r-oldrel-macos-x86_64

Version: 1.0-2.1
Check: dependencies in R code
Result: NOTE
    Namespaces in Imports field not imported from:
     ‘methods’ ‘rstantools’
     All declared Imports should be used.
Flavors: r-devel-linux-x86_64-fedora-clang, r-devel-linux-x86_64-fedora-gcc, r-release-macos-arm64, r-release-macos-x86_64, r-oldrel-macos-arm64, r-oldrel-macos-x86_64

Version: 1.0-2.1
Check: whether package can be installed
Result: ERROR
    Installation failed.
Flavor: r-oldrel-windows-ix86+x86_64