Last updated on 2025-01-18 04:48:22 CET.
Flavor | Version | Tinstall | Tcheck | Ttotal | Status | Flags |
---|---|---|---|---|---|---|
r-devel-linux-x86_64-debian-clang | 1.1.2 | 2.73 | 25.61 | 28.34 | OK | |
r-devel-linux-x86_64-debian-gcc | 1.1.2 | 2.29 | 20.40 | 22.69 | OK | |
r-devel-linux-x86_64-fedora-clang | 1.1.2 | 46.51 | OK | |||
r-devel-linux-x86_64-fedora-gcc | 1.1.2 | 45.65 | OK | |||
r-devel-windows-x86_64 | 1.1.2 | 4.00 | 46.00 | 50.00 | OK | |
r-patched-linux-x86_64 | 1.1.2 | 2.67 | 24.48 | 27.15 | NOTE | |
r-release-linux-x86_64 | 1.1.2 | 2.20 | 24.41 | 26.61 | NOTE | |
r-release-macos-arm64 | 1.1.2 | 19.00 | NOTE | |||
r-release-macos-x86_64 | 1.1.2 | 27.00 | NOTE | |||
r-release-windows-x86_64 | 1.1.2 | 4.00 | 46.00 | 50.00 | NOTE | |
r-oldrel-macos-arm64 | 1.1.2 | 18.00 | NOTE | |||
r-oldrel-macos-x86_64 | 1.1.2 | 24.00 | NOTE | |||
r-oldrel-windows-x86_64 | 1.1.2 | 5.00 | 50.00 | 55.00 | NOTE |
Version: 1.1.2
Check: LazyData
Result: NOTE
'LazyData' is specified without a 'data' directory
Flavors: r-patched-linux-x86_64, r-release-linux-x86_64, r-release-macos-arm64, r-release-macos-x86_64, r-release-windows-x86_64, r-oldrel-macos-arm64, r-oldrel-macos-x86_64, r-oldrel-windows-x86_64