Last updated on 2023-02-03 03:55:45 CET.
Flavor | Version | Tinstall | Tcheck | Ttotal | Status | Flags |
---|---|---|---|---|---|---|
r-devel-linux-x86_64-debian-clang | 1.15 | 7.72 | 250.85 | 258.57 | NOTE | |
r-devel-linux-x86_64-debian-gcc | 1.15 | 6.49 | 180.87 | 187.36 | NOTE | |
r-devel-linux-x86_64-fedora-clang | 1.15 | 252.90 | NOTE | |||
r-devel-linux-x86_64-fedora-gcc | 1.15 | 270.23 | NOTE | |||
r-devel-windows-x86_64 | 1.15 | 147.00 | 414.00 | 561.00 | NOTE | |
r-patched-linux-x86_64 | 1.15 | 8.93 | 232.37 | 241.30 | NOTE | |
r-release-linux-x86_64 | 1.15 | 7.20 | 223.00 | 230.20 | NOTE | |
r-release-macos-arm64 | 1.15 | 58.00 | NOTE | |||
r-release-macos-x86_64 | 1.15 | 124.00 | NOTE | |||
r-release-windows-x86_64 | 1.15 | 193.00 | 364.00 | 557.00 | NOTE | |
r-oldrel-macos-arm64 | 1.15 | 104.00 | NOTE | |||
r-oldrel-macos-x86_64 | 1.15 | 120.00 | NOTE | |||
r-oldrel-windows-ix86+x86_64 | 1.15 | 17.00 | 299.00 | 316.00 | NOTE |
Version: 1.15
Check: LazyData
Result: NOTE
'LazyData' is specified without a 'data' directory
Flavors: r-devel-linux-x86_64-debian-clang, r-devel-linux-x86_64-debian-gcc, r-devel-linux-x86_64-fedora-clang, r-devel-linux-x86_64-fedora-gcc, r-devel-windows-x86_64, r-patched-linux-x86_64, r-release-linux-x86_64, r-release-macos-arm64, r-release-macos-x86_64, r-release-windows-x86_64, r-oldrel-macos-arm64, r-oldrel-macos-x86_64, r-oldrel-windows-ix86+x86_64