CRAN Package Check Results for Package ddpcr

Last updated on 2020-09-28 03:47:40 CEST.

Flavor Version Tinstall Tcheck Ttotal Status Flags
r-devel-linux-x86_64-debian-clang 1.15 6.71 134.88 141.59 OK
r-devel-linux-x86_64-debian-gcc 1.15 6.36 99.69 106.05 OK
r-devel-linux-x86_64-fedora-clang 1.15 174.69 OK
r-devel-linux-x86_64-fedora-gcc 1.15 167.53 OK
r-devel-windows-ix86+x86_64 1.15 15.00 192.00 207.00 OK
r-patched-linux-x86_64 1.15 6.97 132.21 139.18 OK
r-patched-solaris-x86 1.15 247.90 NOTE
r-release-linux-x86_64 1.15 8.67 131.92 140.59 OK
r-release-macos-x86_64 1.15 OK
r-release-windows-ix86+x86_64 1.15 15.00 194.00 209.00 OK
r-oldrel-macos-x86_64 1.15 OK
r-oldrel-windows-ix86+x86_64 1.15 12.00 183.00 195.00 OK

Check Details

Version: 1.15
Check: installed package size
Result: NOTE
     installed size is 5.7Mb
     sub-directories of 1Mb or more:
     sample_data 3.6Mb
Flavor: r-patched-solaris-x86