CRAN Package Check Results for Package ddalpha

Last updated on 2022-10-07 15:52:53 CEST.

Flavor Version Tinstall Tcheck Ttotal Status Flags
r-devel-linux-x86_64-debian-clang 1.3.13 179.55 135.49 315.04 OK
r-devel-linux-x86_64-debian-gcc 1.3.13 127.26 101.19 228.45 NOTE
r-devel-linux-x86_64-fedora-clang 1.3.13 472.47 NOTE
r-devel-linux-x86_64-fedora-gcc 1.3.13 405.96 OK
r-devel-windows-x86_64 1.3.13 197.00 202.00 399.00 OK
r-patched-linux-x86_64 1.3.13 142.73 127.94 270.67 OK
r-release-linux-x86_64 1.3.13 140.67 126.46 267.13 OK
r-release-macos-arm64 1.3.13 106.00 OK
r-release-macos-x86_64 1.3.13 135.00 OK
r-release-windows-x86_64 1.3.13 182.00 208.00 390.00 OK
r-oldrel-macos-arm64 1.3.13 92.00 OK
r-oldrel-macos-x86_64 1.3.13 128.00 OK
r-oldrel-windows-ix86+x86_64 1.3.13 449.00 221.00 670.00 OK

Check Details

Version: 1.3.13
Check: compilation flags used
Result: NOTE
    Compilation used the following non-portable flag(s):
     ‘-Wstrict-prototypes’
Flavor: r-devel-linux-x86_64-debian-gcc

Version: 1.3.13
Check: Rd cross-references
Result: NOTE
    Undeclared package ‘fda.usc’ in Rd xrefs
Flavor: r-devel-linux-x86_64-fedora-clang