CRAN Package Check Results for Package dcurver

Last updated on 2020-10-21 03:47:18 CEST.

Flavor Version Tinstall Tcheck Ttotal Status Flags
r-devel-linux-x86_64-debian-clang 0.9.1 62.13 26.21 88.34 NOTE
r-devel-linux-x86_64-debian-gcc 0.9.1 43.13 20.63 63.76 NOTE
r-devel-linux-x86_64-fedora-clang 0.9.1 130.34 NOTE
r-devel-linux-x86_64-fedora-gcc 0.9.1 108.80 NOTE
r-devel-windows-ix86+x86_64 0.9.1 105.00 59.00 164.00 OK
r-patched-linux-x86_64 0.9.1 52.03 25.18 77.21 NOTE
r-patched-solaris-x86 0.9.1 109.80 OK
r-release-linux-x86_64 0.9.1 56.00 25.04 81.04 NOTE
r-release-macos-x86_64 0.9.1 OK
r-release-windows-ix86+x86_64 0.9.1 108.00 58.00 166.00 OK
r-oldrel-macos-x86_64 0.9.1 OK
r-oldrel-windows-ix86+x86_64 0.9.1 91.00 70.00 161.00 OK

Check Details

Version: 0.9.1
Check: use of SHLIB_OPENMP_*FLAGS in Makefiles
Result: NOTE
     src/Makevars: SHLIB_OPENMP_CXXFLAGS is included in PKG_CXXFLAGS but not in PKG_LIBS
     src/Makevars: SHLIB_OPENMP_CFLAGS is included in PKG_LIBS but linking is by C++
     src/Makevars.win: SHLIB_OPENMP_CXXFLAGS is included in PKG_CXXFLAGS but not in PKG_LIBS
     src/Makevars.win: SHLIB_OPENMP_CFLAGS is included in PKG_LIBS but linking is by C++
    Use of these macros is discussed in sect 1.2.1.1 of 'Writing R
    Extensions'. The macros for different languages may differ so the
    matching macro must be used in PKG_CXXFLAGS (etc) and match that used
    in PKG_LIBS (except for Fortran: see the manual).
Flavors: r-devel-linux-x86_64-debian-clang, r-devel-linux-x86_64-debian-gcc, r-devel-linux-x86_64-fedora-clang, r-devel-linux-x86_64-fedora-gcc, r-patched-linux-x86_64, r-release-linux-x86_64