Last updated on 2022-07-03 03:49:53 CEST.
Flavor | Version | Tinstall | Tcheck | Ttotal | Status | Flags |
---|---|---|---|---|---|---|
r-devel-linux-x86_64-debian-clang | 0.3-1 | 20.94 | 173.14 | 194.08 | NOTE | |
r-devel-linux-x86_64-debian-gcc | 0.3-1 | 18.35 | 125.81 | 144.16 | NOTE | |
r-devel-linux-x86_64-fedora-clang | 0.3-1 | 234.88 | NOTE | |||
r-devel-linux-x86_64-fedora-gcc | 0.3-1 | 236.33 | NOTE | |||
r-devel-windows-x86_64 | 0.3-1 | 47.00 | 188.00 | 235.00 | NOTE | |
r-patched-linux-x86_64 | 0.3-1 | 26.13 | 162.19 | 188.32 | NOTE | |
r-release-linux-x86_64 | 0.3-1 | 15.71 | 159.11 | 174.82 | NOTE | |
r-release-macos-arm64 | 0.3-1 | 82.00 | NOTE | |||
r-release-macos-x86_64 | 0.3-1 | 87.00 | NOTE | |||
r-release-windows-x86_64 | 0.3-1 | 41.00 | 187.00 | 228.00 | NOTE | |
r-oldrel-macos-arm64 | 0.3-1 | 59.00 | NOTE | |||
r-oldrel-macos-x86_64 | 0.3-1 | 110.00 | NOTE | |||
r-oldrel-windows-ix86+x86_64 | 0.3-1 | 48.00 | 188.00 | 236.00 | NOTE |
Version: 0.3-1
Check: LazyData
Result: NOTE
'LazyData' is specified without a 'data' directory
Flavors: r-devel-linux-x86_64-debian-clang, r-devel-linux-x86_64-debian-gcc, r-devel-linux-x86_64-fedora-clang, r-devel-linux-x86_64-fedora-gcc, r-devel-windows-x86_64, r-patched-linux-x86_64, r-release-linux-x86_64, r-release-macos-arm64, r-release-macos-x86_64, r-release-windows-x86_64, r-oldrel-macos-arm64, r-oldrel-macos-x86_64, r-oldrel-windows-ix86+x86_64