CRAN Package Check Results for Package dclone

Last updated on 2022-06-28 03:51:29 CEST.

Flavor Version Tinstall Tcheck Ttotal Status Flags
r-devel-linux-x86_64-debian-clang 2.3-0 19.10 152.76 171.86 OK
r-devel-linux-x86_64-debian-gcc 2.3-0 13.97 114.97 128.94 OK
r-devel-linux-x86_64-fedora-clang 2.3-0 213.62 OK
r-devel-linux-x86_64-fedora-gcc 2.3-0 207.98 OK
r-devel-windows-x86_64 2.3-0 38.00 183.00 221.00 NOTE
r-patched-linux-x86_64 2.3-0 20.27 144.15 164.42 OK
r-release-linux-x86_64 2.3-0 11.37 142.97 154.34 OK
r-release-macos-arm64 2.3-0 70.00 NOTE
r-release-macos-x86_64 2.3-0 89.00 NOTE
r-release-windows-x86_64 2.3-0 40.00 175.00 215.00 NOTE
r-oldrel-macos-arm64 2.3-0 52.00 NOTE
r-oldrel-macos-x86_64 2.3-0 113.00 NOTE
r-oldrel-windows-ix86+x86_64 2.3-0 38.00 169.00 207.00 OK

Check Details

Version: 2.3-0
Check: package dependencies
Result: NOTE
    Package suggested but not available for checking: 'BRugs'
Flavors: r-devel-windows-x86_64, r-release-macos-arm64, r-release-macos-x86_64, r-release-windows-x86_64, r-oldrel-macos-arm64, r-oldrel-macos-x86_64