Last updated on 2022-06-30 03:53:20 CEST.
Flavor | Version | Tinstall | Tcheck | Ttotal | Status | Flags |
---|---|---|---|---|---|---|
r-devel-linux-x86_64-debian-clang | 0.3.0 | 12.30 | 146.82 | 159.12 | NOTE | |
r-devel-linux-x86_64-debian-gcc | 0.3.0 | 11.81 | 110.17 | 121.98 | NOTE | |
r-devel-linux-x86_64-fedora-clang | 0.3.0 | 201.34 | NOTE | |||
r-devel-linux-x86_64-fedora-gcc | 0.3.0 | 203.79 | NOTE | |||
r-devel-windows-x86_64 | 0.3.0 | 120.00 | 177.00 | 297.00 | NOTE | |
r-patched-linux-x86_64 | 0.3.0 | 9.07 | 141.16 | 150.23 | NOTE | |
r-release-linux-x86_64 | 0.3.0 | 9.90 | 140.84 | 150.74 | NOTE | |
r-release-macos-arm64 | 0.3.0 | 56.00 | NOTE | |||
r-release-macos-x86_64 | 0.3.0 | 105.00 | NOTE | |||
r-release-windows-x86_64 | 0.3.0 | 134.00 | 187.00 | 321.00 | NOTE | |
r-oldrel-macos-arm64 | 0.3.0 | 62.00 | NOTE | |||
r-oldrel-macos-x86_64 | 0.3.0 | 105.00 | NOTE | |||
r-oldrel-windows-ix86+x86_64 | 0.3.0 | 34.00 | 176.00 | 210.00 | NOTE |
Version: 0.3.0
Check: LazyData
Result: NOTE
'LazyData' is specified without a 'data' directory
Flavors: r-devel-linux-x86_64-debian-clang, r-devel-linux-x86_64-debian-gcc, r-devel-linux-x86_64-fedora-clang, r-devel-linux-x86_64-fedora-gcc, r-devel-windows-x86_64, r-patched-linux-x86_64, r-release-linux-x86_64, r-release-macos-arm64, r-release-macos-x86_64, r-release-windows-x86_64, r-oldrel-macos-arm64, r-oldrel-macos-x86_64, r-oldrel-windows-ix86+x86_64