Last updated on 2022-08-10 15:51:21 CEST.
Flavor | Version | Tinstall | Tcheck | Ttotal | Status | Flags |
---|---|---|---|---|---|---|
r-devel-linux-x86_64-debian-clang | 0.1.0 | 49.84 | 121.10 | 170.94 | OK | |
r-devel-linux-x86_64-debian-gcc | 0.1.0 | 40.98 | 89.54 | 130.52 | OK | |
r-devel-linux-x86_64-fedora-clang | 0.1.0 | 229.66 | NOTE | |||
r-devel-linux-x86_64-fedora-gcc | 0.1.0 | 227.71 | NOTE | |||
r-devel-windows-x86_64 | 0.1.0 | 60.00 | 154.00 | 214.00 | OK | |
r-patched-linux-x86_64 | 0.1.0 | 44.30 | 112.24 | 156.54 | OK | |
r-release-linux-x86_64 | 0.1.0 | OK | ||||
r-release-macos-arm64 | 0.1.0 | 57.00 | NOTE | |||
r-release-macos-x86_64 | 0.1.0 | 105.00 | NOTE | |||
r-release-windows-x86_64 | 0.1.0 | 61.00 | 166.00 | 227.00 | OK | |
r-oldrel-macos-arm64 | 0.1.0 | 65.00 | NOTE | |||
r-oldrel-macos-x86_64 | 0.1.0 | 120.00 | NOTE | |||
r-oldrel-windows-ix86+x86_64 | 0.1.0 | 132.00 | 184.00 | 316.00 | OK |
Version: 0.1.0
Check: dependencies in R code
Result: NOTE
Namespaces in Imports field not imported from:
‘Rcpp’ ‘lubridate’ ‘tseries’
All declared Imports should be used.
Flavors: r-devel-linux-x86_64-fedora-clang, r-devel-linux-x86_64-fedora-gcc, r-release-macos-arm64, r-release-macos-x86_64, r-oldrel-macos-arm64, r-oldrel-macos-x86_64