CRAN Package Check Results for Package dcGOR

Last updated on 2020-09-27 03:46:29 CEST.

Flavor Version Tinstall Tcheck Ttotal Status Flags
r-devel-linux-x86_64-debian-clang 1.0.6 20.84 144.74 165.58 OK
r-devel-linux-x86_64-debian-gcc 1.0.6 17.19 111.55 128.74 OK
r-devel-linux-x86_64-fedora-clang 1.0.6 203.78 NOTE
r-devel-linux-x86_64-fedora-gcc 1.0.6 198.94 OK
r-devel-windows-ix86+x86_64 1.0.6 41.00 190.00 231.00 NOTE
r-patched-linux-x86_64 1.0.6 18.13 137.53 155.66 OK
r-patched-solaris-x86 1.0.6 279.40 NOTE
r-release-linux-x86_64 1.0.6 19.70 137.06 156.76 OK
r-release-macos-x86_64 1.0.6 NOTE
r-release-windows-ix86+x86_64 1.0.6 42.00 191.00 233.00 NOTE
r-oldrel-macos-x86_64 1.0.6 NOTE
r-oldrel-windows-ix86+x86_64 1.0.6 35.00 174.00 209.00 NOTE

Check Details

Version: 1.0.6
Check: installed package size
Result: NOTE
     installed size is 5.4Mb
     sub-directories of 1Mb or more:
     data 4.1Mb
Flavors: r-devel-linux-x86_64-fedora-clang, r-devel-windows-ix86+x86_64, r-patched-solaris-x86, r-release-macos-x86_64, r-release-windows-ix86+x86_64, r-oldrel-macos-x86_64, r-oldrel-windows-ix86+x86_64

Version: 1.0.6
Check: package dependencies
Result: NOTE
    Package suggested but not available for checking: 'doMC'
Flavors: r-devel-windows-ix86+x86_64, r-release-windows-ix86+x86_64, r-oldrel-windows-ix86+x86_64