CRAN Package Check Results for Package dc3net

Last updated on 2022-12-09 04:00:43 CET.

Flavor Version Tinstall Tcheck Ttotal Status Flags
r-devel-linux-x86_64-debian-clang 1.2.0 3.48 46.68 50.16 OK
r-devel-linux-x86_64-debian-gcc 1.2.0 3.10 37.79 40.89 OK
r-devel-linux-x86_64-fedora-clang 1.2.0 73.31 OK
r-devel-linux-x86_64-fedora-gcc 1.2.0 71.45 OK
r-devel-windows-x86_64 1.2.0 17.00 78.00 95.00 OK
r-patched-linux-x86_64 1.2.0 4.16 45.27 49.43 OK
r-release-linux-x86_64 1.2.0 2.97 46.44 49.41 OK
r-release-macos-arm64 1.2.0 6.00 ERROR
r-release-macos-x86_64 1.2.0 30.00 OK
r-release-windows-x86_64 1.2.0 12.00 77.00 89.00 OK
r-oldrel-macos-arm64 1.2.0 16.00 ERROR
r-oldrel-macos-x86_64 1.2.0 43.00 OK
r-oldrel-windows-ix86+x86_64 1.2.0 9.00 69.00 78.00 OK

Check Details

Version: 1.2.0
Check: package dependencies
Result: ERROR
    Package required but not available: ‘RedeR’
    
    See section ‘The DESCRIPTION file’ in the ‘Writing R Extensions’
    manual.
Flavors: r-release-macos-arm64, r-oldrel-macos-arm64