CRAN Package Check Results for Package dbx

Last updated on 2020-08-13 15:50:59 CEST.

Flavor Version Tinstall Tcheck Ttotal Status Flags
r-devel-linux-x86_64-debian-clang 0.2.6 2.23 27.43 29.66 OK
r-devel-linux-x86_64-debian-gcc 0.2.6 2.03 21.52 23.55 OK
r-devel-linux-x86_64-fedora-clang 0.2.6 44.23 OK
r-devel-linux-x86_64-fedora-gcc 0.2.6 34.88 OK
r-devel-windows-ix86+x86_64 0.2.6 7.00 44.00 51.00 OK
r-patched-linux-x86_64 0.2.6 2.54 27.24 29.78 OK
r-patched-solaris-x86 0.2.6 53.30 NOTE
r-release-linux-x86_64 0.2.6 2.72 26.99 29.71 OK
r-release-macos-x86_64 0.2.6 OK
r-release-windows-ix86+x86_64 0.2.6 8.00 56.00 64.00 OK
r-oldrel-macos-x86_64 0.2.6 OK
r-oldrel-windows-ix86+x86_64 0.2.6 4.00 38.00 42.00 OK

Check Details

Version: 0.2.6
Check: package dependencies
Result: NOTE
    Package suggested but not available for checking: ‘RPostgres’
Flavor: r-patched-solaris-x86