CRAN Package Check Results for Package dbx

Last updated on 2020-10-27 03:53:03 CET.

Flavor Version Tinstall Tcheck Ttotal Status Flags
r-devel-linux-x86_64-debian-clang 0.2.7 2.39 28.94 31.33 OK
r-devel-linux-x86_64-debian-gcc 0.2.7 1.97 22.18 24.15 OK
r-devel-linux-x86_64-fedora-clang 0.2.7 47.43 OK
r-devel-linux-x86_64-fedora-gcc 0.2.7 37.27 OK
r-devel-windows-ix86+x86_64 0.2.7 6.00 46.00 52.00 OK
r-patched-linux-x86_64 0.2.7 OK
r-patched-solaris-x86 0.2.7 52.50 NOTE
r-release-linux-x86_64 0.2.7 2.68 27.09 29.77 OK
r-release-macos-x86_64 0.2.7 OK
r-release-windows-ix86+x86_64 0.2.7 4.00 34.00 38.00 OK
r-oldrel-macos-x86_64 0.2.7 OK
r-oldrel-windows-ix86+x86_64 0.2.7 16.00 46.00 62.00 OK

Check Details

Version: 0.2.7
Check: package dependencies
Result: NOTE
    Package suggested but not available for checking: ‘RPostgres’
Flavor: r-patched-solaris-x86