Last updated on 2025-01-25 03:49:49 CET.
Flavor | Version | Tinstall | Tcheck | Ttotal | Status | Flags |
---|---|---|---|---|---|---|
r-devel-linux-x86_64-debian-clang | 1.2-0 | 91.83 | 98.32 | 190.15 | OK | |
r-devel-linux-x86_64-debian-gcc | 1.2-0 | 71.39 | 70.71 | 142.10 | OK | |
r-devel-linux-x86_64-fedora-clang | 1.2-0 | 388.10 | OK | |||
r-devel-linux-x86_64-fedora-gcc | 1.2-0 | 396.26 | OK | |||
r-devel-windows-x86_64 | 1.2-0 | 113.00 | 174.00 | 287.00 | OK | |
r-patched-linux-x86_64 | 1.2-0 | 97.08 | 95.17 | 192.25 | OK | |
r-release-linux-x86_64 | 1.2-0 | 95.99 | 96.09 | 192.08 | OK | |
r-release-macos-arm64 | 1.2-0 | 115.00 | NOTE | |||
r-release-macos-x86_64 | 1.2.1 | 58.00 | ERROR | |||
r-release-windows-x86_64 | 1.2-0 | 117.00 | 162.00 | 279.00 | OK | |
r-oldrel-macos-arm64 | 1.2-0 | 123.00 | NOTE | |||
r-oldrel-macos-x86_64 | 1.2-0 | 234.00 | NOTE | |||
r-oldrel-windows-x86_64 | 1.2.1 | 117.00 | 187.00 | 304.00 | NOTE |
Version: 1.2-0
Check: installed package size
Result: NOTE
installed size is 10.2Mb
sub-directories of 1Mb or more:
doc 2.6Mb
libs 7.0Mb
Flavors: r-release-macos-arm64, r-oldrel-macos-arm64, r-oldrel-macos-x86_64
Version: 1.2.1
Check: whether package can be installed
Result: ERROR
Installation failed.
Flavor: r-release-macos-x86_64
Version: 1.2.1
Check: installed package size
Result: NOTE
installed size is 5.2Mb
sub-directories of 1Mb or more:
doc 3.0Mb
libs 1.5Mb
Flavor: r-oldrel-windows-x86_64