Last updated on 2022-07-04 03:52:16 CEST.
Flavor | Version | Tinstall | Tcheck | Ttotal | Status | Flags |
---|---|---|---|---|---|---|
r-devel-linux-x86_64-debian-clang | 1.1-10 | 165.33 | 98.85 | 264.18 | OK | |
r-devel-linux-x86_64-debian-gcc | 1.1-10 | 127.09 | 74.20 | 201.29 | OK | |
r-devel-linux-x86_64-fedora-clang | 1.1-10 | 400.67 | NOTE | |||
r-devel-linux-x86_64-fedora-gcc | 1.1-10 | 342.49 | OK | |||
r-devel-windows-x86_64 | 1.1-10 | 144.00 | 187.00 | 331.00 | OK | |
r-patched-linux-x86_64 | 1.1-10 | 143.19 | 97.01 | 240.20 | OK | |
r-release-linux-x86_64 | 1.1-10 | 127.65 | 97.14 | 224.79 | OK | |
r-release-macos-arm64 | 1.1-10 | 93.00 | NOTE | |||
r-release-macos-x86_64 | 1.1-10 | 129.00 | NOTE | |||
r-release-windows-x86_64 | 1.1-10 | 135.00 | 187.00 | 322.00 | OK | |
r-oldrel-macos-arm64 | 1.1-10 | 95.00 | NOTE | |||
r-oldrel-macos-x86_64 | 1.1-10 | 140.00 | NOTE | |||
r-oldrel-windows-ix86+x86_64 | 1.1-10 | 382.00 | 199.00 | 581.00 | NOTE |
Version: 1.1-10
Check: installed package size
Result: NOTE
installed size is 8.8Mb
sub-directories of 1Mb or more:
doc 2.6Mb
libs 5.8Mb
Flavors: r-devel-linux-x86_64-fedora-clang, r-release-macos-arm64, r-release-macos-x86_64, r-oldrel-macos-arm64, r-oldrel-macos-x86_64, r-oldrel-windows-ix86+x86_64