CRAN Package Check Results for Package dbplyr

Last updated on 2020-09-25 15:48:40 CEST.

Flavor Version Tinstall Tcheck Ttotal Status Flags
r-devel-linux-x86_64-debian-clang 1.4.4 15.84 118.56 134.40 OK
r-devel-linux-x86_64-debian-gcc 1.4.4 11.37 89.09 100.46 OK
r-devel-linux-x86_64-fedora-clang 1.4.4 168.23 NOTE
r-devel-linux-x86_64-fedora-gcc 1.4.4 156.45 NOTE
r-devel-windows-ix86+x86_64 1.4.4 27.00 145.00 172.00 OK
r-patched-linux-x86_64 1.4.4 15.39 111.59 126.98 OK
r-patched-solaris-x86 1.4.4 201.10 NOTE
r-release-linux-x86_64 1.4.4 13.53 111.99 125.52 OK
r-release-macos-x86_64 1.4.4 NOTE
r-release-windows-ix86+x86_64 1.4.4 40.00 157.00 197.00 OK
r-oldrel-macos-x86_64 1.4.4 NOTE
r-oldrel-windows-ix86+x86_64 1.4.4 23.00 140.00 163.00 OK

Check Details

Version: 1.4.4
Check: dependencies in R code
Result: NOTE
    Namespace in Imports field not imported from: ‘magrittr’
     All declared Imports should be used.
Flavors: r-devel-linux-x86_64-fedora-clang, r-devel-linux-x86_64-fedora-gcc, r-patched-solaris-x86, r-release-macos-x86_64, r-oldrel-macos-x86_64

Version: 1.4.4
Check: package dependencies
Result: NOTE
    Package suggested but not available for checking: ‘RPostgres’
Flavor: r-patched-solaris-x86