CRAN Package Check Results for Package dbMC

Last updated on 2022-10-01 03:54:06 CEST.

Flavor Version Tinstall Tcheck Ttotal Status Flags
r-devel-linux-x86_64-debian-clang 1.0.0 4.52 27.88 32.40 OK
r-devel-linux-x86_64-debian-gcc 1.0.0 3.21 22.02 25.23 OK
r-devel-linux-x86_64-fedora-clang 1.0.0 51.75 NOTE
r-devel-linux-x86_64-fedora-gcc 1.0.0 50.91 NOTE
r-devel-windows-x86_64 1.0.0 11.00 56.00 67.00 OK
r-patched-linux-x86_64 1.0.0 4.21 27.33 31.54 OK
r-release-linux-x86_64 1.0.0 4.44 27.93 32.37 OK
r-release-macos-arm64 1.0.0 17.00 NOTE
r-release-macos-x86_64 1.0.0 24.00 NOTE
r-release-windows-x86_64 1.0.0 7.00 55.00 62.00 OK
r-oldrel-macos-arm64 1.0.0 23.00 NOTE
r-oldrel-macos-x86_64 1.0.0 26.00 NOTE
r-oldrel-windows-ix86+x86_64 1.0.0 8.00 49.00 57.00 OK

Check Details

Version: 1.0.0
Check: dependencies in R code
Result: NOTE
    Namespace in Imports field not imported from: ‘softImpute’
     All declared Imports should be used.
Flavors: r-devel-linux-x86_64-fedora-clang, r-devel-linux-x86_64-fedora-gcc, r-release-macos-arm64, r-release-macos-x86_64, r-oldrel-macos-arm64, r-oldrel-macos-x86_64