CRAN Package Check Results for Package datastructures

Last updated on 2022-09-25 03:54:28 CEST.

Flavor Version Tinstall Tcheck Ttotal Status Flags
r-devel-linux-x86_64-debian-clang 0.2.9 184.01 164.67 348.68 OK
r-devel-linux-x86_64-debian-gcc 0.2.9 186.16 121.83 307.99 OK
r-devel-linux-x86_64-fedora-clang 0.2.9 471.04 NOTE
r-devel-linux-x86_64-fedora-gcc 0.2.9 505.49 NOTE
r-devel-windows-x86_64 0.2.9 226.00 244.00 470.00 OK
r-patched-linux-x86_64 0.2.9 177.83 161.43 339.26 OK
r-release-linux-x86_64 0.2.9 192.87 155.79 348.66 OK
r-release-macos-arm64 0.2.9 105.00 NOTE
r-release-macos-x86_64 0.2.9 147.00 NOTE
r-release-windows-x86_64 0.2.9 213.00 229.00 442.00 OK
r-oldrel-macos-arm64 0.2.9 118.00 NOTE
r-oldrel-macos-x86_64 0.2.9 245.00 NOTE
r-oldrel-windows-ix86+x86_64 0.2.9 411.00 269.00 680.00 NOTE

Check Details

Version: 0.2.9
Check: top-level files
Result: NOTE
    ‘cleanup’: ‘env bash’ is not portable as bash need not be installed
Flavors: r-devel-linux-x86_64-fedora-clang, r-devel-linux-x86_64-fedora-gcc

Version: 0.2.9
Check: installed package size
Result: NOTE
     installed size is 56.3Mb
     sub-directories of 1Mb or more:
     libs 55.4Mb
Flavors: r-release-macos-arm64, r-release-macos-x86_64, r-oldrel-macos-arm64, r-oldrel-macos-x86_64, r-oldrel-windows-ix86+x86_64