CRAN Package Check Results for Package data.validator

Last updated on 2023-02-09 03:56:06 CET.

Flavor Version Tinstall Tcheck Ttotal Status Flags
r-devel-linux-x86_64-debian-clang 0.1.6 6.93 45.98 52.91 OK
r-devel-linux-x86_64-debian-gcc 0.1.6 5.30 34.53 39.83 OK
r-devel-linux-x86_64-fedora-clang 0.1.6 72.31 NOTE
r-devel-linux-x86_64-fedora-gcc 0.1.6 61.23 NOTE
r-devel-windows-x86_64 0.1.6 78.00 79.00 157.00 OK
r-patched-linux-x86_64 0.1.6 4.90 44.10 49.00 OK
r-release-linux-x86_64 0.1.6 5.80 43.55 49.35 OK
r-release-macos-arm64 0.1.6 24.00 NOTE
r-release-macos-x86_64 0.1.6 43.00 NOTE
r-release-windows-x86_64 0.1.6 100.00 81.00 181.00 OK
r-oldrel-macos-arm64 0.1.6 22.00 NOTE
r-oldrel-macos-x86_64 0.1.6 35.00 NOTE
r-oldrel-windows-ix86+x86_64 0.1.6 17.00 80.00 97.00 OK

Check Details

Version: 0.1.6
Check: dependencies in R code
Result: NOTE
    Namespaces in Imports field not imported from:
     ‘R6’ ‘rmarkdown’ ‘shiny’
     All declared Imports should be used.
Flavors: r-devel-linux-x86_64-fedora-clang, r-devel-linux-x86_64-fedora-gcc, r-release-macos-arm64, r-release-macos-x86_64, r-oldrel-macos-arm64, r-oldrel-macos-x86_64

Version: 0.1.6
Check: Rd cross-references
Result: NOTE
    Undeclared package ‘tidyselect’ in Rd xrefs
Flavor: r-devel-linux-x86_64-fedora-clang