Last updated on 2025-01-18 04:48:22 CET.
Flavor | Version | Tinstall | Tcheck | Ttotal | Status | Flags |
---|---|---|---|---|---|---|
r-devel-linux-x86_64-debian-clang | 0.70 | 20.18 | 160.30 | 180.48 | NOTE | |
r-devel-linux-x86_64-debian-gcc | 0.70 | 14.16 | 115.91 | 130.07 | NOTE | |
r-devel-linux-x86_64-fedora-clang | 0.70 | 292.85 | OK | |||
r-devel-linux-x86_64-fedora-gcc | 0.70 | 277.35 | OK | |||
r-devel-windows-x86_64 | 0.70 | 21.00 | 153.00 | 174.00 | NOTE | |
r-patched-linux-x86_64 | 0.70 | 26.70 | 145.40 | 172.10 | OK | |
r-release-linux-x86_64 | 0.70 | 19.77 | 145.40 | 165.17 | OK | |
r-release-macos-arm64 | 0.70 | 64.00 | OK | |||
r-release-macos-x86_64 | 0.70 | 99.00 | OK | |||
r-release-windows-x86_64 | 0.70 | 20.00 | 145.00 | 165.00 | OK | |
r-oldrel-macos-arm64 | 0.70 | 79.00 | OK | |||
r-oldrel-macos-x86_64 | 0.70 | 231.00 | OK | |||
r-oldrel-windows-x86_64 | 0.70 | 27.00 | 179.00 | 206.00 | OK |
Version: 0.70
Check: Rd cross-references
Result: NOTE
Found the following Rd file(s) with Rd \link{} targets missing package
anchors:
gl.diagnostics.sim.Rd: gl.filter.callrate
Please provide package anchors for all Rd \link{} targets not in the
package itself and the base packages.
Flavors: r-devel-linux-x86_64-debian-clang, r-devel-linux-x86_64-debian-gcc, r-devel-windows-x86_64