CRAN Package Check Results for Package dams

Last updated on 2022-06-25 15:51:18 CEST.

Flavor Version Tinstall Tcheck Ttotal Status Flags
r-devel-linux-x86_64-debian-clang 0.3.0 11.61 78.65 90.26 OK
r-devel-linux-x86_64-debian-gcc 0.3.0 9.41 58.56 67.97 OK
r-devel-linux-x86_64-fedora-clang 0.3.0 118.71 NOTE
r-devel-linux-x86_64-fedora-gcc 0.3.0 113.10 NOTE
r-devel-windows-x86_64 0.3.0 17.00 102.00 119.00 OK
r-patched-linux-x86_64 0.3.0 10.92 74.06 84.98 OK
r-release-linux-x86_64 0.3.0 10.93 74.52 85.45 OK
r-release-macos-arm64 0.3.0 36.00 NOTE
r-release-macos-x86_64 0.3.0 65.00 NOTE
r-release-windows-x86_64 0.3.0 16.00 101.00 117.00 OK
r-oldrel-macos-arm64 0.3.0 47.00 NOTE
r-oldrel-macos-x86_64 0.3.0 55.00 NOTE
r-oldrel-windows-ix86+x86_64 0.3.0 22.00 93.00 115.00 OK

Check Details

Version: 0.3.0
Check: data for non-ASCII characters
Result: NOTE
     Note: found 5 marked UTF-8 strings
Flavors: r-devel-linux-x86_64-fedora-clang, r-devel-linux-x86_64-fedora-gcc, r-release-macos-arm64, r-release-macos-x86_64, r-oldrel-macos-arm64, r-oldrel-macos-x86_64