CRAN Package Check Results for Package dagitty

Last updated on 2022-06-26 15:52:56 CEST.

Flavor Version Tinstall Tcheck Ttotal Status Flags
r-devel-linux-x86_64-debian-clang 0.3-1 5.07 56.27 61.34 NOTE
r-devel-linux-x86_64-debian-gcc 0.3-1 5.06 43.44 48.50 NOTE
r-devel-linux-x86_64-fedora-clang 0.3-1 89.69 NOTE
r-devel-linux-x86_64-fedora-gcc 0.3-1 84.61 NOTE
r-devel-windows-x86_64 0.3-1 41.00 87.00 128.00 NOTE
r-patched-linux-x86_64 0.3-1 5.85 55.63 61.48 NOTE
r-release-linux-x86_64 0.3-1 6.27 55.44 61.71 NOTE
r-release-macos-arm64 0.3-1 27.00 NOTE
r-release-macos-x86_64 0.3-1 40.00 NOTE
r-release-windows-x86_64 0.3-1 36.00 86.00 122.00 NOTE
r-oldrel-macos-arm64 0.3-1 30.00 NOTE
r-oldrel-macos-x86_64 0.3-1 49.00 NOTE
r-oldrel-windows-ix86+x86_64 0.3-1 15.00 88.00 103.00 NOTE

Check Details

Version: 0.3-1
Check: LazyData
Result: NOTE
     'LazyData' is specified without a 'data' directory
Flavors: r-devel-linux-x86_64-debian-clang, r-devel-linux-x86_64-debian-gcc, r-devel-linux-x86_64-fedora-clang, r-devel-linux-x86_64-fedora-gcc, r-devel-windows-x86_64, r-patched-linux-x86_64, r-release-linux-x86_64, r-release-macos-arm64, r-release-macos-x86_64, r-release-windows-x86_64, r-oldrel-macos-arm64, r-oldrel-macos-x86_64, r-oldrel-windows-ix86+x86_64