CRAN Package Check Results for Package dadjokeapi

Last updated on 2022-06-30 15:51:38 CEST.

Flavor Version Tinstall Tcheck Ttotal Status Flags
r-devel-linux-x86_64-debian-clang 1.0.2 4.91 48.94 53.85 NOTE
r-devel-linux-x86_64-debian-gcc 1.0.2 3.98 36.86 40.84 NOTE
r-devel-linux-x86_64-fedora-clang 1.0.2 73.62 NOTE
r-devel-linux-x86_64-fedora-gcc 1.0.2 73.33 NOTE
r-devel-windows-x86_64 1.0.2 19.00 70.00 89.00 NOTE
r-patched-linux-x86_64 1.0.2 4.84 45.74 50.58 NOTE
r-release-linux-x86_64 1.0.2 5.24 45.60 50.84 NOTE
r-release-macos-arm64 1.0.2 24.00 NOTE
r-release-macos-x86_64 1.0.2 40.00 NOTE
r-release-windows-x86_64 1.0.2 18.00 73.00 91.00 NOTE
r-oldrel-macos-arm64 1.0.2 31.00 NOTE
r-oldrel-macos-x86_64 1.0.2 40.00 NOTE
r-oldrel-windows-ix86+x86_64 1.0.2 14.00 64.00 78.00 NOTE

Check Details

Version: 1.0.2
Check: LazyData
Result: NOTE
     'LazyData' is specified without a 'data' directory
Flavors: r-devel-linux-x86_64-debian-clang, r-devel-linux-x86_64-debian-gcc, r-devel-linux-x86_64-fedora-clang, r-devel-linux-x86_64-fedora-gcc, r-devel-windows-x86_64, r-patched-linux-x86_64, r-release-linux-x86_64, r-release-macos-arm64, r-release-macos-x86_64, r-release-windows-x86_64, r-oldrel-macos-arm64, r-oldrel-macos-x86_64, r-oldrel-windows-ix86+x86_64