CRAN Package Check Results for Package dMod

Last updated on 2020-09-22 16:02:26 CEST.

Flavor Version Tinstall Tcheck Ttotal Status Flags
r-devel-linux-x86_64-debian-clang 1.0.1 12.61 168.83 181.44 NOTE
r-devel-linux-x86_64-debian-gcc 1.0.1 12.64 127.45 140.09 NOTE
r-devel-linux-x86_64-fedora-clang 1.0.1 220.85 NOTE
r-devel-linux-x86_64-fedora-gcc 1.0.1 213.68 NOTE
r-devel-windows-ix86+x86_64 1.0.1 29.00 173.00 202.00 NOTE
r-patched-linux-x86_64 1.0.1 15.36 163.35 178.71 NOTE
r-patched-solaris-x86 1.0.1 282.70 NOTE
r-release-linux-x86_64 1.0.1 12.72 164.29 177.01 NOTE
r-release-macos-x86_64 1.0.1 NOTE
r-release-windows-ix86+x86_64 1.0.1 27.00 222.00 249.00 NOTE
r-oldrel-macos-x86_64 1.0.1 OK
r-oldrel-windows-ix86+x86_64 1.0.1 16.00 210.00 226.00 NOTE

Check Details

Version: 1.0.1
Check: package dependencies
Result: NOTE
    Package suggested but not available for checking: 'rPython'
Flavors: r-devel-linux-x86_64-debian-clang, r-devel-linux-x86_64-debian-gcc, r-devel-linux-x86_64-fedora-clang, r-devel-linux-x86_64-fedora-gcc, r-devel-windows-ix86+x86_64, r-patched-linux-x86_64, r-patched-solaris-x86, r-release-linux-x86_64, r-release-macos-x86_64, r-release-windows-ix86+x86_64, r-oldrel-windows-ix86+x86_64