CRAN Package Check Results for Package cxr

Last updated on 2022-01-16 15:48:24 CET.

Flavor Version Tinstall Tcheck Ttotal Status Flags
r-devel-linux-x86_64-debian-clang 1.0.0 7.08 207.18 214.26 OK
r-devel-linux-x86_64-debian-gcc 1.0.0 7.05 159.48 166.53 OK
r-devel-linux-x86_64-fedora-clang 1.0.0 254.42 OK
r-devel-linux-x86_64-fedora-gcc 1.0.0 241.80 OK
r-devel-windows-x86_64-new-UL 1.0.0 204.00 246.00 450.00 OK
r-devel-windows-x86_64-new-TK 1.0.0 NOTE
r-patched-linux-x86_64 1.0.0 10.96 206.81 217.77 OK
r-release-linux-x86_64 1.0.0 OK
r-release-macos-arm64 1.0.0 OK
r-release-macos-x86_64 1.0.0 OK
r-release-windows-ix86+x86_64 1.0.0 15.00 249.00 264.00 OK
r-oldrel-macos-x86_64 1.0.0 OK
r-oldrel-windows-ix86+x86_64 1.0.0 15.00 247.00 262.00 OK

Check Details

Version: 1.0.0
Check: package dependencies
Result: NOTE
    Package suggested but not available for checking: 'nloptr'
Flavor: r-devel-windows-x86_64-new-TK