Last updated on 2023-10-01 05:05:39 CEST.
Flavor | Version | Tinstall | Tcheck | Ttotal | Status | Flags |
---|---|---|---|---|---|---|
r-devel-linux-x86_64-debian-clang | 0.7.3 | 24.22 | 1315.26 | 1339.48 | WARN | |
r-devel-linux-x86_64-debian-gcc | 0.7.3 | 22.97 | 72.53 | 95.50 | OK | |
r-devel-linux-x86_64-fedora-clang | 0.7.3 | 144.24 | OK | |||
r-devel-linux-x86_64-fedora-gcc | 0.7.3 | 155.98 | OK | |||
r-devel-windows-x86_64 | 0.7.3 | 32.00 | 90.00 | 122.00 | OK | |
r-patched-linux-x86_64 | 0.7.3 | 19.11 | 92.56 | 111.67 | OK | |
r-release-linux-x86_64 | 0.7.3 | 19.46 | 93.33 | 112.79 | OK | |
r-release-macos-arm64 | 0.7.3 | 50.00 | OK | |||
r-release-macos-x86_64 | 0.7.3 | 105.00 | OK | |||
r-release-windows-x86_64 | 0.7.3 | 38.00 | 108.00 | 146.00 | OK | |
r-oldrel-macos-arm64 | 0.7.3 | 56.00 | OK | |||
r-oldrel-macos-x86_64 | 0.7.3 | 63.00 | OK | |||
r-oldrel-windows-x86_64 | 0.7.3 | 37.00 | 110.00 | 147.00 | OK |
Version: 0.7.3
Check: whether the package can be unloaded cleanly
Result: WARN
---- unloading
Assertion failure at kmp_runtime.cpp(6918): temp_reg_status_file_name.
OMP: Error #13: Assertion failure at kmp_runtime.cpp(6918).
OMP: Hint Please submit a bug report with this message, compile and run commands used, and machine configuration info including native compiler and operating system versions. Faster response will be obtained by including all program sources. For information on submitting this issue, please see https://bugs.llvm.org/.
Assertion failure at kmp_runtime.cpp(6918): temp_reg_status_file_name.
OMP: Error #13: Assertion failure at kmp_runtime.cpp(6918).
OMP: Hint Please submit a bug report with this message, compile and run commands used, and machine configuration info including native compiler and operating system versions. Faster response will be obtained by including all program sources. For information on submitting this issue, please see https://bugs.llvm.org/.
Killed
Flavor: r-devel-linux-x86_64-debian-clang