CRAN Package Check Results for Package cvAUC

Last updated on 2020-09-22 03:49:18 CEST.

Flavor Version Tinstall Tcheck Ttotal Status Flags
r-devel-linux-x86_64-debian-clang 1.1.0 2.96 29.95 32.91 NOTE
r-devel-linux-x86_64-debian-gcc 1.1.0 0.30 1.83 2.13 ERROR
r-devel-linux-x86_64-fedora-clang 1.1.0 48.97 NOTE
r-devel-linux-x86_64-fedora-gcc 1.1.0 38.21 NOTE
r-devel-windows-ix86+x86_64 1.1.0 6.00 37.00 43.00 NOTE
r-patched-linux-x86_64 1.1.0 2.91 29.20 32.11 NOTE
r-patched-solaris-x86 1.1.0 60.50 NOTE
r-release-linux-x86_64 1.1.0 2.99 28.82 31.81 NOTE
r-release-macos-x86_64 1.1.0 NOTE
r-release-windows-ix86+x86_64 1.1.0 6.00 53.00 59.00 NOTE
r-oldrel-macos-x86_64 1.1.0 NOTE
r-oldrel-windows-ix86+x86_64 1.1.0 4.00 49.00 53.00 NOTE

Check Details

Version: 1.1.0
Check: R code for possible problems
Result: NOTE
    ci.cvAUC: no visible global function definition for 'qnorm'
    ci.pooled.cvAUC: no visible global function definition for 'qnorm'
    Undefined global functions or variables:
     qnorm
    Consider adding
     importFrom("stats", "qnorm")
    to your NAMESPACE file.
Flavors: r-devel-linux-x86_64-debian-clang, r-devel-linux-x86_64-fedora-clang, r-devel-linux-x86_64-fedora-gcc, r-devel-windows-ix86+x86_64, r-patched-linux-x86_64, r-patched-solaris-x86, r-release-linux-x86_64, r-release-macos-x86_64, r-release-windows-ix86+x86_64, r-oldrel-macos-x86_64, r-oldrel-windows-ix86+x86_64

Version: 1.1.0
Check: whether package can be installed
Result: ERROR
    Installation failed.
Flavor: r-devel-linux-x86_64-debian-gcc