CRAN Package Check Results for Package cutoff

Last updated on 2022-07-05 15:52:43 CEST.

Flavor Version Tinstall Tcheck Ttotal Status Flags
r-devel-linux-x86_64-debian-clang 1.3 3.17 32.74 35.91 NOTE
r-devel-linux-x86_64-debian-gcc 1.3 2.20 24.72 26.92 NOTE
r-devel-linux-x86_64-fedora-clang 1.3 53.89 NOTE
r-devel-linux-x86_64-fedora-gcc 1.3 52.07 NOTE
r-devel-windows-x86_64 1.3 9.00 62.00 71.00 NOTE
r-patched-linux-x86_64 1.3 2.64 31.72 34.36 NOTE
r-release-linux-x86_64 1.3 1.90 31.77 33.67 NOTE
r-release-macos-arm64 1.3 21.00 NOTE
r-release-macos-x86_64 1.3 29.00 NOTE
r-release-windows-x86_64 1.3 9.00 58.00 67.00 NOTE
r-oldrel-macos-arm64 1.3 24.00 NOTE
r-oldrel-macos-x86_64 1.3 33.00 NOTE
r-oldrel-windows-ix86+x86_64 1.3 7.00 54.00 61.00 NOTE

Check Details

Version: 1.3
Check: LazyData
Result: NOTE
     'LazyData' is specified without a 'data' directory
Flavors: r-devel-linux-x86_64-debian-clang, r-devel-linux-x86_64-debian-gcc, r-devel-linux-x86_64-fedora-clang, r-devel-linux-x86_64-fedora-gcc, r-devel-windows-x86_64, r-patched-linux-x86_64, r-release-linux-x86_64, r-release-macos-arm64, r-release-macos-x86_64, r-release-windows-x86_64, r-oldrel-macos-arm64, r-oldrel-macos-x86_64, r-oldrel-windows-ix86+x86_64