CRAN Package Check Results for Package cutoff

Last updated on 2024-07-12 15:52:44 CEST.

Flavor Version Tinstall Tcheck Ttotal Status Flags
r-devel-linux-x86_64-debian-clang 1.3 3.19 33.48 36.67 NOTE
r-devel-linux-x86_64-debian-gcc 1.3 2.22 25.42 27.64 NOTE
r-devel-linux-x86_64-fedora-clang 1.3 45.51 NOTE
r-devel-linux-x86_64-fedora-gcc 1.3 42.73 NOTE
r-devel-windows-x86_64 1.3 4.00 47.00 51.00 NOTE
r-patched-linux-x86_64 1.3 2.35 32.24 34.59 NOTE
r-release-linux-x86_64 1.3 1.79 32.45 34.24 NOTE
r-release-macos-arm64 1.3 17.00 NOTE
r-release-macos-x86_64 1.3 25.00 NOTE
r-release-windows-x86_64 1.3 3.00 49.00 52.00 NOTE
r-oldrel-macos-arm64 1.3 20.00 NOTE
r-oldrel-macos-x86_64 1.3 27.00 NOTE
r-oldrel-windows-x86_64 1.3 5.00 50.00 55.00 NOTE

Check Details

Version: 1.3
Check: LazyData
Result: NOTE 'LazyData' is specified without a 'data' directory Flavors: r-devel-linux-x86_64-debian-clang, r-devel-linux-x86_64-debian-gcc, r-devel-linux-x86_64-fedora-clang, r-devel-linux-x86_64-fedora-gcc, r-devel-windows-x86_64, r-patched-linux-x86_64, r-release-linux-x86_64, r-release-macos-arm64, r-release-macos-x86_64, r-release-windows-x86_64, r-oldrel-macos-arm64, r-oldrel-macos-x86_64, r-oldrel-windows-x86_64