CRAN Package Check Results for Package cubeview

Last updated on 2023-01-28 03:55:48 CET.

Flavor Version Tinstall Tcheck Ttotal Status Flags
r-devel-linux-x86_64-debian-clang 0.2.0 30.07 257.44 287.51 NOTE
r-devel-linux-x86_64-debian-gcc 0.2.0 26.03 191.71 217.74 NOTE
r-devel-linux-x86_64-fedora-clang 0.2.0 356.66 NOTE
r-devel-linux-x86_64-fedora-gcc 0.2.0 346.08 NOTE
r-devel-windows-x86_64 0.2.0 36.00 260.00 296.00 NOTE
r-patched-linux-x86_64 0.2.0 34.88 248.22 283.10 NOTE
r-release-linux-x86_64 0.2.0 29.94 254.01 283.95 NOTE
r-release-macos-arm64 0.2.0 64.00 NOTE
r-release-macos-x86_64 0.2.0 118.00 NOTE
r-release-windows-x86_64 0.2.0 39.00 233.00 272.00 NOTE
r-oldrel-macos-arm64 0.2.0 38.00 NOTE
r-oldrel-macos-x86_64 0.2.0 57.00 NOTE
r-oldrel-windows-ix86+x86_64 0.2.0 64.00 248.00 312.00 NOTE

Check Details

Version: 0.2.0
Check: LazyData
Result: NOTE
     'LazyData' is specified without a 'data' directory
Flavors: r-devel-linux-x86_64-debian-clang, r-devel-linux-x86_64-debian-gcc, r-devel-linux-x86_64-fedora-clang, r-devel-linux-x86_64-fedora-gcc, r-devel-windows-x86_64, r-patched-linux-x86_64, r-release-linux-x86_64, r-release-macos-arm64, r-release-macos-x86_64, r-release-windows-x86_64, r-oldrel-macos-arm64, r-oldrel-macos-x86_64, r-oldrel-windows-ix86+x86_64