CRAN Package Check Results for Package ctsem

Last updated on 2022-01-28 04:00:44 CET.

Flavor Version Tinstall Tcheck Ttotal Status Flags
r-devel-linux-x86_64-debian-clang 3.5.4 1462.18 678.45 2140.63 NOTE
r-devel-linux-x86_64-debian-gcc 3.5.4 696.25 499.93 1196.18 NOTE
r-devel-linux-x86_64-fedora-clang 3.5.4 2742.88 NOTE
r-devel-linux-x86_64-fedora-gcc 3.5.4 2121.37 NOTE
r-devel-windows-x86_64-new-UL 3.5.4 497.00 384.00 881.00 NOTE --no-vignettes
r-devel-windows-x86_64-new-TK 3.5.4 NOTE
r-patched-linux-x86_64 3.5.4 600.09 617.32 1217.41 NOTE
r-release-linux-x86_64 3.5.4 0.01 12.44 12.45 ERROR
r-release-macos-arm64 3.5.4 NOTE
r-release-macos-x86_64 3.5.4 NOTE
r-release-windows-ix86+x86_64 3.5.4 967.00 441.00 1408.00 NOTE --no-vignettes
r-oldrel-macos-x86_64 3.5.4 NOTE
r-oldrel-windows-ix86+x86_64 3.5.4 960.00 396.00 1356.00 NOTE --no-vignettes

Check Details

Version: 3.5.4
Check: for GNU extensions in Makefiles
Result: NOTE
    GNU make is a SystemRequirements.
Flavors: r-devel-linux-x86_64-debian-clang, r-devel-linux-x86_64-debian-gcc, r-devel-linux-x86_64-fedora-clang, r-devel-linux-x86_64-fedora-gcc, r-devel-windows-x86_64-new-TK, r-patched-linux-x86_64, r-release-macos-arm64, r-release-macos-x86_64, r-oldrel-macos-x86_64

Version: 3.5.4
Check: installed package size
Result: NOTE
     installed size is 136.6Mb
     sub-directories of 1Mb or more:
     R 1.2Mb
     data 1.7Mb
     libs 132.5Mb
Flavors: r-devel-linux-x86_64-fedora-clang, r-release-macos-arm64, r-release-macos-x86_64, r-oldrel-macos-x86_64

Version: 3.5.4
Check: dependencies in R code
Result: NOTE
    Namespace in Imports field not imported from: ‘pkgbuild’
     All declared Imports should be used.
Flavors: r-devel-linux-x86_64-fedora-clang, r-devel-linux-x86_64-fedora-gcc, r-devel-windows-x86_64-new-TK, r-release-macos-arm64, r-release-macos-x86_64, r-oldrel-macos-x86_64

Version: 3.5.4
Check: for detritus in the temp directory
Result: NOTE
    Found the following files/directories:
     ‘par-7269706c6579’
Flavors: r-devel-linux-x86_64-fedora-clang, r-devel-linux-x86_64-fedora-gcc

Version: 3.5.4
Flags: --no-vignettes
Check: installed package size
Result: NOTE
     installed size is 9.9Mb
     sub-directories of 1Mb or more:
     R 1.2Mb
     data 1.7Mb
     libs 5.8Mb
Flavors: r-devel-windows-x86_64-new-UL, r-release-windows-ix86+x86_64, r-oldrel-windows-ix86+x86_64

Version: 3.5.4
Flags: --no-vignettes
Check: for GNU extensions in Makefiles
Result: NOTE
    GNU make is a SystemRequirements.
Flavors: r-devel-windows-x86_64-new-UL, r-release-windows-ix86+x86_64, r-oldrel-windows-ix86+x86_64

Version: 3.5.4
Check: package dependencies
Result: NOTE
    Package suggested but not available for checking: 'lme4'
Flavor: r-devel-windows-x86_64-new-TK

Version: 3.5.4
Check: line endings in C/C++/Fortran sources/headers
Result: NOTE
    Found the following sources/headers with CR or CRLF line endings:
     src/stan_files/cov.hpp
     src/stan_files/ctsm.hpp
     src/stan_files/ctsmgen.hpp
    Some Unix compilers require LF line endings.
Flavor: r-devel-windows-x86_64-new-TK

Version: 3.5.4
Check: whether package can be installed
Result: ERROR
    Installation failed.
Flavor: r-release-linux-x86_64