CRAN Package Check Results for Package csvread

Last updated on 2022-08-16 04:53:35 CEST.

Flavor Version Tinstall Tcheck Ttotal Status Flags
r-devel-linux-x86_64-debian-clang 1.2.1 4.77 23.94 28.71 NOTE
r-devel-linux-x86_64-debian-gcc 1.2.1 4.92 19.27 24.19 NOTE
r-devel-linux-x86_64-fedora-clang 1.2.1 49.85 NOTE
r-devel-linux-x86_64-fedora-gcc 1.2.1 47.12 NOTE
r-devel-windows-x86_64 1.2.1 47.00 64.00 111.00 NOTE
r-patched-linux-x86_64 1.2.1 5.49 23.48 28.97 NOTE
r-release-linux-x86_64 1.2.1 5.61 23.40 29.01 NOTE
r-release-macos-arm64 1.2.1 17.00 NOTE
r-release-macos-x86_64 1.2.1 23.00 NOTE
r-release-windows-x86_64 1.2.1 13.00 64.00 77.00 NOTE
r-oldrel-macos-arm64 1.2.1 22.00 NOTE
r-oldrel-macos-x86_64 1.2.1 30.00 NOTE
r-oldrel-windows-ix86+x86_64 1.2.1 17.00 45.00 62.00 NOTE

Check Details

Version: 1.2.1
Check: LazyData
Result: NOTE
     'LazyData' is specified without a 'data' directory
Flavors: r-devel-linux-x86_64-debian-clang, r-devel-linux-x86_64-debian-gcc, r-devel-linux-x86_64-fedora-clang, r-devel-linux-x86_64-fedora-gcc, r-devel-windows-x86_64, r-patched-linux-x86_64, r-release-linux-x86_64, r-release-macos-arm64, r-release-macos-x86_64, r-release-windows-x86_64, r-oldrel-macos-arm64, r-oldrel-macos-x86_64, r-oldrel-windows-ix86+x86_64