Last updated on 2023-10-01 05:05:39 CEST.
Flavor | Version | Tinstall | Tcheck | Ttotal | Status | Flags |
---|---|---|---|---|---|---|
r-devel-linux-x86_64-debian-clang | 0.2.61 | 20.78 | 26.07 | 46.85 | OK | |
r-devel-linux-x86_64-debian-gcc | 0.2.61 | 17.48 | 20.62 | 38.10 | OK | |
r-devel-linux-x86_64-fedora-clang | 0.2.61 | 59.29 | NOTE | |||
r-devel-linux-x86_64-fedora-gcc | 0.2.61 | 60.68 | NOTE | |||
r-devel-windows-x86_64 | 0.2.61 | 16.00 | 47.00 | 63.00 | NOTE | |
r-patched-linux-x86_64 | 0.2.61 | 19.13 | 25.52 | 44.65 | OK | |
r-release-linux-x86_64 | 0.2.61 | 22.08 | 25.66 | 47.74 | OK | |
r-release-macos-arm64 | 0.2.61 | 30.00 | NOTE | |||
r-release-macos-x86_64 | 0.2.61 | 40.00 | NOTE | |||
r-release-windows-x86_64 | 0.2.61 | 18.00 | 51.00 | 69.00 | NOTE | |
r-oldrel-macos-arm64 | 0.2.61 | 37.00 | NOTE | |||
r-oldrel-macos-x86_64 | 0.2.61 | 40.00 | NOTE | |||
r-oldrel-windows-x86_64 | 0.2.61 | 29.00 | 54.00 | 83.00 | NOTE |
Version: 0.2.61
Check: installed package size
Result: NOTE
installed size is 7.7Mb
sub-directories of 1Mb or more:
data 7.6Mb
Flavors: r-devel-linux-x86_64-fedora-clang, r-devel-windows-x86_64, r-release-macos-arm64, r-release-macos-x86_64, r-release-windows-x86_64, r-oldrel-macos-arm64, r-oldrel-macos-x86_64, r-oldrel-windows-x86_64
Version: 0.2.61
Check: data for non-ASCII characters
Result: NOTE
Note: found 3031 marked UTF-8 strings
Flavors: r-devel-linux-x86_64-fedora-clang, r-devel-linux-x86_64-fedora-gcc, r-oldrel-macos-x86_64