CRAN Package Check Results for Package csppData

Last updated on 2022-09-25 15:56:39 CEST.

Flavor Version Tinstall Tcheck Ttotal Status Flags
r-devel-linux-x86_64-debian-clang 0.2.61 22.18 30.48 52.66 OK
r-devel-linux-x86_64-debian-gcc 0.2.61 16.59 23.62 40.21 OK
r-devel-linux-x86_64-fedora-clang 0.2.61 75.38 NOTE
r-devel-linux-x86_64-fedora-gcc 0.2.61 75.69 NOTE
r-devel-windows-x86_64 0.2.61 25.00 57.00 82.00 NOTE
r-patched-linux-x86_64 0.2.61 20.39 29.14 49.53 OK
r-release-linux-x86_64 0.2.61 19.10 29.29 48.39 OK
r-release-macos-arm64 0.2.61 36.00 NOTE
r-release-macos-x86_64 0.2.61 40.00 NOTE
r-release-windows-x86_64 0.2.61 29.00 54.00 83.00 NOTE
r-oldrel-macos-arm64 0.2.61 33.00 NOTE
r-oldrel-macos-x86_64 0.2.61 42.00 NOTE
r-oldrel-windows-ix86+x86_64 0.2.61 28.00 43.00 71.00 NOTE

Check Details

Version: 0.2.61
Check: installed package size
Result: NOTE
     installed size is 7.6Mb
     sub-directories of 1Mb or more:
     data 7.5Mb
Flavors: r-devel-linux-x86_64-fedora-clang, r-devel-windows-x86_64, r-release-macos-arm64, r-release-macos-x86_64, r-release-windows-x86_64, r-oldrel-macos-arm64, r-oldrel-macos-x86_64, r-oldrel-windows-ix86+x86_64

Version: 0.2.61
Check: data for non-ASCII characters
Result: NOTE
     Note: found 3031 marked UTF-8 strings
Flavors: r-devel-linux-x86_64-fedora-clang, r-devel-linux-x86_64-fedora-gcc, r-release-macos-arm64, r-release-macos-x86_64, r-oldrel-macos-arm64, r-oldrel-macos-x86_64