CRAN Package Check Results for Package crunch

Last updated on 2020-09-27 03:46:29 CEST.

Flavor Version Tinstall Tcheck Ttotal Status Flags
r-devel-linux-x86_64-debian-clang 1.27.5 35.50 361.79 397.29 OK
r-devel-linux-x86_64-debian-gcc 1.27.5 31.10 280.45 311.55 OK
r-devel-linux-x86_64-fedora-clang 1.27.5 499.03 OK
r-devel-linux-x86_64-fedora-gcc 1.27.5 512.39 OK
r-devel-windows-ix86+x86_64 1.27.5 59.00 417.00 476.00 OK
r-patched-linux-x86_64 1.27.5 33.82 365.52 399.34 OK
r-patched-solaris-x86 1.27.5 525.80 OK
r-release-linux-x86_64 1.27.5 36.75 356.18 392.93 OK
r-release-macos-x86_64 1.27.5 OK
r-release-windows-ix86+x86_64 1.27.5 49.00 355.00 404.00 OK
r-oldrel-macos-x86_64 1.27.5 WARN
r-oldrel-windows-ix86+x86_64 1.27.5 59.00 395.00 454.00 WARN

Check Details

Version: 1.27.5
Check: Rd cross-references
Result: WARN
    Missing link or links in documentation object 'cube-computing.Rd':
     ‘[base:marginSums]{base::margin.table()}’
     ‘[base:proportions]{base::prop.table()}’
    
    See section 'Cross-references' in the 'Writing R Extensions' manual.
Flavors: r-oldrel-macos-x86_64, r-oldrel-windows-ix86+x86_64