CRAN Package Check Results for Package crsra

Last updated on 2022-10-07 15:52:53 CEST.

Flavor Version Tinstall Tcheck Ttotal Status Flags
r-devel-linux-x86_64-debian-clang 0.2.3 12.86 126.50 139.36 OK
r-devel-linux-x86_64-debian-gcc 0.2.3 10.96 93.28 104.24 OK
r-devel-linux-x86_64-fedora-clang 0.2.3 184.49 NOTE
r-devel-linux-x86_64-fedora-gcc 0.2.3 174.91 NOTE
r-devel-windows-x86_64 0.2.3 19.00 149.00 168.00 OK
r-patched-linux-x86_64 0.2.3 14.52 117.23 131.75 OK
r-release-linux-x86_64 0.2.3 12.40 116.67 129.07 OK
r-release-macos-arm64 0.2.3 45.00 NOTE
r-release-macos-x86_64 0.2.3 105.00 NOTE
r-release-windows-x86_64 0.2.3 22.00 148.00 170.00 OK
r-oldrel-macos-arm64 0.2.3 63.00 NOTE
r-oldrel-macos-x86_64 0.2.3 86.00 NOTE
r-oldrel-windows-ix86+x86_64 0.2.3 32.00 139.00 171.00 OK

Check Details

Version: 0.2.3
Check: data for non-ASCII characters
Result: NOTE
     Note: found 500 marked UTF-8 strings
Flavors: r-devel-linux-x86_64-fedora-clang, r-devel-linux-x86_64-fedora-gcc, r-release-macos-arm64, r-release-macos-x86_64, r-oldrel-macos-arm64, r-oldrel-macos-x86_64