CRAN Package Check Results for Package crqa

Last updated on 2022-09-30 04:59:06 CEST.

Flavor Version Tinstall Tcheck Ttotal Status Flags
r-devel-linux-x86_64-debian-clang 2.0.3 11.88 204.71 216.59 NOTE
r-devel-linux-x86_64-debian-gcc 2.0.3 9.91 134.50 144.41 NOTE
r-devel-linux-x86_64-fedora-clang 2.0.3 270.00 NOTE
r-devel-linux-x86_64-fedora-gcc 2.0.3 257.03 NOTE
r-devel-windows-x86_64 2.0.3 21.00 230.00 251.00 NOTE
r-patched-linux-x86_64 2.0.3 12.07 191.04 203.11 OK
r-release-linux-x86_64 2.0.3 11.60 193.91 205.51 OK
r-release-macos-arm64 2.0.3 105.00 OK
r-release-macos-x86_64 2.0.3 174.00 OK
r-release-windows-x86_64 2.0.3 23.00 232.00 255.00 OK
r-oldrel-macos-arm64 2.0.3 102.00 OK
r-oldrel-macos-x86_64 2.0.3 141.00 OK
r-oldrel-windows-ix86+x86_64 2.0.3 28.00 282.00 310.00 OK

Check Details

Version: 2.0.3
Check: package subdirectories
Result: NOTE
    Problems with news in 'NEWS.md':
     Cannot extract version info from the following section titles:
     Major features
     Minor features
Flavors: r-devel-linux-x86_64-debian-clang, r-devel-linux-x86_64-debian-gcc, r-devel-linux-x86_64-fedora-clang, r-devel-linux-x86_64-fedora-gcc, r-devel-windows-x86_64

Version: 2.0.3
Check: Rd files
Result: NOTE
    checkRd: (-1) handmovement.Rd:9: Escaped LaTeX specials: \_ \_
Flavors: r-devel-linux-x86_64-debian-clang, r-devel-linux-x86_64-debian-gcc, r-devel-linux-x86_64-fedora-clang, r-devel-linux-x86_64-fedora-gcc, r-devel-windows-x86_64