CRAN Package Check Results for Package crosshap

Last updated on 2024-06-13 15:48:17 CEST.

Flavor Version Tinstall Tcheck Ttotal Status Flags
r-devel-linux-x86_64-debian-clang 1.4.0 24.31 179.74 204.05 OK
r-devel-linux-x86_64-debian-gcc 1.4.0 0.36 1.58 1.94 ERROR
r-devel-linux-x86_64-fedora-clang 1.4.0 261.40 OK
r-devel-linux-x86_64-fedora-gcc 1.4.0 247.81 OK
r-devel-windows-x86_64 1.4.0 23.00 176.00 199.00 OK
r-patched-linux-x86_64 1.4.0 25.92 174.75 200.67 OK
r-release-linux-x86_64 1.4.0 19.07 176.71 195.78 OK
r-release-macos-arm64 1.4.0 85.00 OK
r-release-macos-x86_64 1.4.0 149.00 OK
r-release-windows-x86_64 1.4.0 22.00 181.00 203.00 OK
r-oldrel-macos-arm64 1.4.0 99.00 OK
r-oldrel-macos-x86_64 1.4.0 260.00 OK
r-oldrel-windows-x86_64 1.4.0 31.00 184.00 215.00 OK

Check Details

Version: 1.4.0
Check: package dependencies
Result: ERROR Packages required but not available: 'clustree', 'dplyr', 'ggdist', 'ggplot2', 'ggpp', 'patchwork', 'tibble', 'tidyr' Packages suggested but not available for checking: 'testthat', 'vdiffr' See section ‘The DESCRIPTION file’ in the ‘Writing R Extensions’ manual. Flavor: r-devel-linux-x86_64-debian-gcc