Last updated on 2022-06-27 15:53:41 CEST.
Flavor | Version | Tinstall | Tcheck | Ttotal | Status | Flags |
---|---|---|---|---|---|---|
r-devel-linux-x86_64-debian-clang | 1.1-2 | 3.54 | 29.57 | 33.11 | OK | |
r-devel-linux-x86_64-debian-gcc | 1.1-2 | 2.57 | 23.55 | 26.12 | OK | |
r-devel-linux-x86_64-fedora-clang | 1.1-2 | 50.44 | WARN | |||
r-devel-linux-x86_64-fedora-gcc | 1.1-2 | 49.46 | WARN | |||
r-devel-windows-x86_64 | 1.1-2 | 22.00 | 55.00 | 77.00 | OK | |
r-patched-linux-x86_64 | 1.1-2 | 3.70 | 29.23 | 32.93 | OK | |
r-release-linux-x86_64 | 1.1-2 | 3.25 | 29.20 | 32.45 | OK | |
r-release-macos-arm64 | 1.1-2 | 15.00 | OK | |||
r-release-macos-x86_64 | 1.1-2 | 29.00 | OK | |||
r-release-windows-x86_64 | 1.1-2 | 25.00 | 55.00 | 80.00 | OK | |
r-oldrel-macos-arm64 | 1.1-2 | 14.00 | OK | |||
r-oldrel-macos-x86_64 | 1.1-2 | 27.00 | OK | |||
r-oldrel-windows-ix86+x86_64 | 1.1-2 | 9.00 | 48.00 | 57.00 | OK |
Version: 1.1-2
Check: package dependencies
Result: WARN
Requires orphaned package: ‘gtools’
Flavors: r-devel-linux-x86_64-fedora-clang, r-devel-linux-x86_64-fedora-gcc