CRAN Package Check Results for Package crossdes

Last updated on 2020-10-23 15:48:03 CEST.

Flavor Version Tinstall Tcheck Ttotal Status Flags
r-devel-linux-x86_64-debian-clang 1.1-1 3.32 27.89 31.21 NOTE
r-devel-linux-x86_64-debian-gcc 1.1-1 2.39 21.84 24.23 NOTE
r-devel-linux-x86_64-fedora-clang 1.1-1 46.05 NOTE
r-devel-linux-x86_64-fedora-gcc 1.1-1 36.43 NOTE
r-devel-windows-ix86+x86_64 1.1-1 5.00 43.00 48.00 NOTE
r-patched-linux-x86_64 1.1-1 3.21 26.87 30.08 NOTE
r-patched-solaris-x86 1.1-1 55.90 NOTE
r-release-linux-x86_64 1.1-1 3.25 26.72 29.97 NOTE
r-release-macos-x86_64 1.1-1 NOTE
r-release-windows-ix86+x86_64 1.1-1 5.00 33.00 38.00 NOTE
r-oldrel-macos-x86_64 1.1-1 NOTE
r-oldrel-windows-ix86+x86_64 1.1-1 5.00 43.00 48.00 NOTE

Check Details

Version: 1.1-1
Check: R code for possible problems
Result: NOTE
    get.plan: no visible global function definition for 'menu'
    Undefined global functions or variables:
     menu
    Consider adding
     importFrom("utils", "menu")
    to your NAMESPACE file.
Flavors: r-devel-linux-x86_64-debian-clang, r-devel-linux-x86_64-debian-gcc, r-devel-linux-x86_64-fedora-clang, r-devel-linux-x86_64-fedora-gcc, r-devel-windows-ix86+x86_64, r-patched-linux-x86_64, r-patched-solaris-x86, r-release-linux-x86_64, r-release-macos-x86_64, r-release-windows-ix86+x86_64, r-oldrel-macos-x86_64, r-oldrel-windows-ix86+x86_64